CRAN Package Check Results for Package diveRsity

Last updated on 2019-11-17 01:48:07 CET.

Flavor Version Tinstall Tcheck Ttotal Status Flags
r-devel-linux-x86_64-debian-clang 1.9.90 153.85 152.50 306.35 OK
r-devel-linux-x86_64-debian-gcc 1.9.90 102.71 118.03 220.74 OK
r-devel-linux-x86_64-fedora-clang 1.9.90 421.02 NOTE
r-devel-linux-x86_64-fedora-gcc 1.9.90 395.27 OK
r-devel-windows-ix86+x86_64 1.9.90 402.00 262.00 664.00 OK
r-patched-linux-x86_64 1.9.90 119.31 144.86 264.17 OK
r-patched-solaris-x86 1.9.90 402.70 OK
r-release-linux-x86_64 1.9.90 111.49 144.51 256.00 OK
r-release-windows-ix86+x86_64 1.9.90 261.00 332.00 593.00 OK
r-release-osx-x86_64 1.9.90 OK
r-oldrel-windows-ix86+x86_64 1.9.90 207.00 345.00 552.00 OK
r-oldrel-osx-x86_64 1.9.90 OK

Check Details

Version: 1.9.90
Check: installed package size
Result: NOTE
     installed size is 6.2Mb
     sub-directories of 1Mb or more:
     libs 4.7Mb
Flavor: r-devel-linux-x86_64-fedora-clang