CRAN Package Check Results for Package diveMove

Last updated on 2019-10-21 02:46:28 CEST.

Flavor Version Tinstall Tcheck Ttotal Status Flags
r-devel-linux-x86_64-debian-clang 1.4.5 14.48 382.63 397.11 OK
r-devel-linux-x86_64-debian-gcc 1.4.5 12.11 284.24 296.35 OK
r-devel-linux-x86_64-fedora-clang 1.4.5 455.18 OK
r-devel-linux-x86_64-fedora-gcc 1.4.5 444.70 OK
r-devel-windows-ix86+x86_64 1.4.5 24.00 635.00 659.00 OK
r-patched-linux-x86_64 1.4.5 11.55 366.71 378.26 OK
r-patched-solaris-x86 1.4.5 635.70 OK
r-release-linux-x86_64 1.4.5 11.79 368.52 380.31 OK
r-release-windows-ix86+x86_64 1.4.5 37.00 813.00 850.00 OK
r-release-osx-x86_64 1.4.5 FAIL
r-oldrel-windows-ix86+x86_64 1.4.5 16.00 609.00 625.00 OK
r-oldrel-osx-x86_64 1.4.5 OK

Check Details

Version: 1.4.5
Check: dependencies in R code
Result: FAIL
    
Flavor: r-release-osx-x86_64