CRAN Package Check Results for Package descr

Last updated on 2019-06-19 01:46:58 CEST.

Flavor Version Tinstall Tcheck Ttotal Status Flags
r-devel-linux-x86_64-debian-clang 1.1.4 3.80 26.07 29.87 NOTE
r-devel-linux-x86_64-debian-gcc 1.1.4 3.35 20.94 24.29 NOTE
r-devel-linux-x86_64-fedora-clang 1.1.4 36.52 NOTE
r-devel-linux-x86_64-fedora-gcc 1.1.4 34.41 NOTE
r-devel-windows-ix86+x86_64 1.1.4 13.00 61.00 74.00 OK
r-patched-linux-x86_64 1.1.4 4.14 26.32 30.46 OK
r-patched-solaris-x86 1.1.4 51.90 OK
r-release-linux-x86_64 1.1.4 3.71 26.45 30.16 OK
r-release-windows-ix86+x86_64 1.1.4 14.00 62.00 76.00 OK
r-release-osx-x86_64 1.1.4 OK
r-oldrel-windows-ix86+x86_64 1.1.4 8.00 64.00 72.00 OK
r-oldrel-osx-x86_64 1.1.4 OK

Check Details

Version: 1.1.4
Check: for non-standard things in the check directory
Result: NOTE
    Found the following files/directories:
     'x.R' 'x.sps' 'x.txt'
Flavors: r-devel-linux-x86_64-debian-clang, r-devel-linux-x86_64-debian-gcc, r-devel-linux-x86_64-fedora-clang, r-devel-linux-x86_64-fedora-gcc