CRAN Package Check Results for Package descr

Last updated on 2019-09-17 01:50:07 CEST.

Flavor Version Tinstall Tcheck Ttotal Status Flags
r-devel-linux-x86_64-debian-clang 1.1.4 4.73 25.73 30.46 NOTE
r-devel-linux-x86_64-debian-gcc 1.1.4 NOTE
r-devel-linux-x86_64-fedora-clang 1.1.4 36.80 NOTE
r-devel-linux-x86_64-fedora-gcc 1.1.4 36.37 NOTE
r-devel-windows-ix86+x86_64 1.1.4 16.00 49.00 65.00 OK
r-patched-linux-x86_64 1.1.4 3.82 25.21 29.03 OK
r-patched-solaris-x86 1.1.4 50.30 OK
r-release-linux-x86_64 1.1.4 4.14 26.22 30.36 OK
r-release-windows-ix86+x86_64 1.1.4 10.00 47.00 57.00 OK
r-release-osx-x86_64 1.1.4 OK
r-oldrel-windows-ix86+x86_64 1.1.4 10.00 41.00 51.00 OK
r-oldrel-osx-x86_64 1.1.4 OK

Check Details

Version: 1.1.4
Check: for non-standard things in the check directory
Result: NOTE
    Found the following files/directories:
     'x.R' 'x.sps' 'x.txt'
Flavors: r-devel-linux-x86_64-debian-clang, r-devel-linux-x86_64-debian-gcc, r-devel-linux-x86_64-fedora-clang, r-devel-linux-x86_64-fedora-gcc