CRAN Package Check Results for Package dbx

Last updated on 2019-06-25 01:48:53 CEST.

Flavor Version Tinstall Tcheck Ttotal Status Flags
r-devel-linux-x86_64-debian-clang 0.2.5 1.94 22.91 24.85 OK
r-devel-linux-x86_64-debian-gcc 0.2.5 1.63 18.67 20.30 OK
r-devel-linux-x86_64-fedora-clang 0.2.5 30.56 OK
r-devel-linux-x86_64-fedora-gcc 0.2.5 28.85 OK
r-devel-windows-ix86+x86_64 0.2.5 7.00 36.00 43.00 OK
r-patched-linux-x86_64 0.2.5 2.25 23.24 25.49 OK
r-patched-solaris-x86 0.2.5 46.50 NOTE
r-release-linux-x86_64 0.2.5 2.16 23.23 25.39 OK
r-release-windows-ix86+x86_64 0.2.5 5.00 54.00 59.00 OK
r-release-osx-x86_64 0.2.5 OK
r-oldrel-windows-ix86+x86_64 0.2.5 3.00 36.00 39.00 OK
r-oldrel-osx-x86_64 0.2.5 OK

Check Details

Version: 0.2.5
Check: package dependencies
Result: NOTE
    Package suggested but not available for checking: ‘RPostgres’
Flavor: r-patched-solaris-x86