CRAN Package Check Results for Package dbx

Last updated on 2019-04-19 01:51:00 CEST.

Flavor Version Tinstall Tcheck Ttotal Status Flags
r-devel-linux-x86_64-debian-clang 0.2.4 2.10 23.28 25.38 OK
r-devel-linux-x86_64-debian-gcc 0.2.4 1.82 18.67 20.49 OK
r-devel-linux-x86_64-fedora-clang 0.2.4 31.61 OK
r-devel-linux-x86_64-fedora-gcc 0.2.4 28.86 OK
r-devel-windows-ix86+x86_64 0.2.4 7.00 47.00 54.00 OK
r-patched-linux-x86_64 0.2.4 2.05 23.46 25.51 OK
r-patched-solaris-x86 0.2.4 44.70 NOTE
r-release-linux-x86_64 0.2.4 1.11 21.75 22.86 OK
r-release-windows-ix86+x86_64 0.2.4 3.00 36.00 39.00 OK
r-release-osx-x86_64 0.2.4 OK
r-oldrel-windows-ix86+x86_64 0.2.4 3.00 52.00 55.00 OK
r-oldrel-osx-x86_64 0.2.4 OK

Check Details

Version: 0.2.4
Check: package dependencies
Result: NOTE
    Package suggested but not available for checking: ‘RPostgres’
Flavor: r-patched-solaris-x86