CRAN Package Check Results for Package cvms

Last updated on 2019-09-15 01:46:51 CEST.

Flavor Version Tinstall Tcheck Ttotal Status Flags
r-devel-linux-x86_64-debian-clang 0.2.0 10.34 212.53 222.87 OK
r-devel-linux-x86_64-debian-gcc 0.2.0 8.95 160.60 169.55 OK
r-devel-linux-x86_64-fedora-clang 0.2.0 254.31 OK
r-devel-linux-x86_64-fedora-gcc 0.2.0 264.23 OK
r-devel-windows-ix86+x86_64 0.2.0 34.00 285.00 319.00 NOTE
r-patched-linux-x86_64 0.2.0 10.50 205.86 216.36 OK
r-patched-solaris-x86 0.2.0 308.10 OK
r-release-linux-x86_64 0.2.0 11.47 204.94 216.41 OK
r-release-windows-ix86+x86_64 0.2.0 18.00 204.00 222.00 NOTE
r-release-osx-x86_64 0.2.0 NOTE
r-oldrel-windows-ix86+x86_64 0.2.0 19.00 309.00 328.00 OK
r-oldrel-osx-x86_64 0.2.0 NOTE

Check Details

Version: 0.2.0
Check: dependencies in R code
Result: NOTE
    Missing or unexported object: 'tidyr::nest_legacy'
Flavors: r-devel-windows-ix86+x86_64, r-release-windows-ix86+x86_64, r-release-osx-x86_64, r-oldrel-osx-x86_64