CRAN Package Check Results for Package cvcrand

Last updated on 2019-07-23 01:49:49 CEST.

Flavor Version Tinstall Tcheck Ttotal Status Flags
r-devel-linux-x86_64-debian-clang 0.0.4 6.99 72.86 79.85 NOTE
r-devel-linux-x86_64-debian-gcc 0.0.4 6.54 57.31 63.85 NOTE
r-devel-linux-x86_64-fedora-clang 0.0.4 94.52 NOTE
r-devel-linux-x86_64-fedora-gcc 0.0.4 90.94 NOTE
r-devel-windows-ix86+x86_64 0.0.4 16.00 77.00 93.00 OK
r-patched-linux-x86_64 0.0.4 7.01 72.32 79.33 OK
r-patched-solaris-x86 0.0.4 144.60 OK
r-release-linux-x86_64 0.0.4 6.77 71.64 78.41 OK
r-release-windows-ix86+x86_64 0.0.4 13.00 75.00 88.00 OK
r-release-osx-x86_64 0.0.4 OK
r-oldrel-windows-ix86+x86_64 0.0.4 16.00 104.00 120.00 OK
r-oldrel-osx-x86_64 0.0.4 OK

Check Details

Version: 0.0.4
Check: for non-standard things in the check directory
Result: NOTE
    Found the following files/directories:
     'dickinson_constrained.csv' 'dickinson_cov_constrained.csv'
Flavors: r-devel-linux-x86_64-debian-clang, r-devel-linux-x86_64-debian-gcc, r-devel-linux-x86_64-fedora-clang, r-devel-linux-x86_64-fedora-gcc