CRAN Package Check Results for Package cvcrand

Last updated on 2019-11-12 00:52:40 CET.

Flavor Version Tinstall Tcheck Ttotal Status Flags
r-devel-linux-x86_64-debian-clang 0.0.4 8.21 73.42 81.63 NOTE
r-devel-linux-x86_64-debian-gcc 0.0.4 7.66 56.88 64.54 NOTE
r-devel-linux-x86_64-fedora-clang 0.0.4 97.43 NOTE
r-devel-linux-x86_64-fedora-gcc 0.0.4 96.89 NOTE
r-devel-windows-ix86+x86_64 0.0.4 17.00 78.00 95.00 OK
r-patched-linux-x86_64 0.0.4 7.43 71.37 78.80 OK
r-patched-solaris-x86 0.0.4 136.00 OK
r-release-linux-x86_64 0.0.4 7.70 70.54 78.24 OK
r-release-windows-ix86+x86_64 0.0.4 23.00 77.00 100.00 OK
r-release-osx-x86_64 0.0.4 OK
r-oldrel-windows-ix86+x86_64 0.0.4 13.00 108.00 121.00 OK
r-oldrel-osx-x86_64 0.0.4 OK

Check Details

Version: 0.0.4
Check: for non-standard things in the check directory
Result: NOTE
    Found the following files/directories:
     'dickinson_constrained.csv' 'dickinson_cov_constrained.csv'
Flavors: r-devel-linux-x86_64-debian-clang, r-devel-linux-x86_64-debian-gcc, r-devel-linux-x86_64-fedora-clang, r-devel-linux-x86_64-fedora-gcc