CRAN Package Check Results for Package cursory

Last updated on 2019-10-19 01:50:10 CEST.

Flavor Version Tinstall Tcheck Ttotal Status Flags
r-devel-linux-x86_64-debian-clang 1.0.0 4.15 36.48 40.63 OK
r-devel-linux-x86_64-debian-gcc 1.0.0 3.17 28.36 31.53 OK
r-devel-linux-x86_64-fedora-clang 1.0.0 49.28 NOTE
r-devel-linux-x86_64-fedora-gcc 1.0.0 47.58 NOTE
r-devel-windows-ix86+x86_64 1.0.0 17.00 50.00 67.00 OK
r-patched-linux-x86_64 1.0.0 3.82 35.44 39.26 OK
r-patched-solaris-x86 1.0.0 69.60 NOTE
r-release-linux-x86_64 1.0.0 3.92 35.38 39.30 OK
r-release-windows-ix86+x86_64 1.0.0 10.00 75.00 85.00 OK
r-release-osx-x86_64 1.0.0 NOTE
r-oldrel-windows-ix86+x86_64 1.0.0 5.00 49.00 54.00 OK
r-oldrel-osx-x86_64 1.0.0 NOTE

Check Details

Version: 1.0.0
Check: dependencies in R code
Result: NOTE
    Namespace in Imports field not imported from: ‘tibble’
     All declared Imports should be used.
Flavors: r-devel-linux-x86_64-fedora-clang, r-devel-linux-x86_64-fedora-gcc, r-patched-solaris-x86, r-release-osx-x86_64, r-oldrel-osx-x86_64