CRAN Package Check Results for Package cubature

Last updated on 2019-11-12 00:52:40 CET.

Flavor Version Tinstall Tcheck Ttotal Status Flags
r-devel-linux-x86_64-debian-clang 2.0.3 43.31 209.80 253.11 NOTE
r-devel-linux-x86_64-debian-gcc 2.0.3 28.88 139.96 168.84 NOTE
r-devel-linux-x86_64-fedora-clang 2.0.3 299.21 NOTE
r-devel-linux-x86_64-fedora-gcc 2.0.3 290.04 NOTE
r-devel-windows-ix86+x86_64 2.0.3 87.00 230.00 317.00 NOTE
r-patched-linux-x86_64 2.0.3 33.72 192.42 226.14 NOTE
r-patched-solaris-x86 2.0.3 294.50 NOTE
r-release-linux-x86_64 2.0.3 35.16 194.14 229.30 NOTE
r-release-windows-ix86+x86_64 2.0.3 117.00 301.00 418.00 NOTE
r-release-osx-x86_64 2.0.3 NOTE
r-oldrel-windows-ix86+x86_64 2.0.3 116.00 230.00 346.00 NOTE
r-oldrel-osx-x86_64 2.0.3 NOTE

Check Details

Version: 2.0.3
Check: for GNU extensions in Makefiles
Result: NOTE
    GNU make is a SystemRequirements.
Flavors: r-devel-linux-x86_64-debian-clang, r-devel-linux-x86_64-debian-gcc, r-devel-linux-x86_64-fedora-clang, r-devel-linux-x86_64-fedora-gcc, r-devel-windows-ix86+x86_64, r-patched-linux-x86_64, r-patched-solaris-x86, r-release-linux-x86_64, r-release-windows-ix86+x86_64, r-release-osx-x86_64, r-oldrel-windows-ix86+x86_64, r-oldrel-osx-x86_64

Version: 2.0.3
Check: installed package size
Result: NOTE
     installed size is 6.4Mb
     sub-directories of 1Mb or more:
     doc 1.3Mb
     libs 4.9Mb
Flavors: r-devel-windows-ix86+x86_64, r-release-windows-ix86+x86_64, r-oldrel-windows-ix86+x86_64