CRAN Package Check Results for Package cubature

Last updated on 2019-07-22 01:46:18 CEST.

Flavor Version Tinstall Tcheck Ttotal Status Flags
r-devel-linux-x86_64-debian-clang 2.0.3 38.69 199.85 238.54 NOTE
r-devel-linux-x86_64-debian-gcc 2.0.3 28.88 139.53 168.41 NOTE
r-devel-linux-x86_64-fedora-clang 2.0.3 276.01 NOTE
r-devel-linux-x86_64-fedora-gcc 2.0.3 266.14 NOTE
r-devel-windows-ix86+x86_64 2.0.3 90.00 306.00 396.00 NOTE
r-patched-linux-x86_64 2.0.3 34.02 198.57 232.59 NOTE
r-patched-solaris-x86 2.0.3 310.90 NOTE
r-release-linux-x86_64 2.0.3 36.78 193.66 230.44 NOTE
r-release-windows-ix86+x86_64 2.0.3 81.00 234.00 315.00 NOTE
r-release-osx-x86_64 2.0.3 NOTE
r-oldrel-windows-ix86+x86_64 2.0.3 116.00 218.00 334.00 NOTE
r-oldrel-osx-x86_64 2.0.3 NOTE

Check Details

Version: 2.0.3
Check: for GNU extensions in Makefiles
Result: NOTE
    GNU make is a SystemRequirements.
Flavors: r-devel-linux-x86_64-debian-clang, r-devel-linux-x86_64-debian-gcc, r-devel-linux-x86_64-fedora-clang, r-devel-linux-x86_64-fedora-gcc, r-devel-windows-ix86+x86_64, r-patched-linux-x86_64, r-patched-solaris-x86, r-release-linux-x86_64, r-release-windows-ix86+x86_64, r-release-osx-x86_64, r-oldrel-windows-ix86+x86_64, r-oldrel-osx-x86_64

Version: 2.0.3
Check: installed package size
Result: NOTE
     installed size is 6.4Mb
     sub-directories of 1Mb or more:
     doc 1.3Mb
     libs 4.9Mb
Flavors: r-devel-windows-ix86+x86_64, r-release-windows-ix86+x86_64, r-oldrel-windows-ix86+x86_64