CRAN Package Check Results for Package ctrdata

Last updated on 2019-08-20 01:48:05 CEST.

Flavor Version Tinstall Tcheck Ttotal Status Flags
r-devel-linux-x86_64-debian-clang 0.18.2 4.27 39.03 43.30 OK
r-devel-linux-x86_64-debian-gcc 0.18.2 3.31 30.64 33.95 OK
r-devel-linux-x86_64-fedora-clang 0.18.2 55.39 OK
r-devel-linux-x86_64-fedora-gcc 0.18.2 53.19 OK
r-devel-windows-ix86+x86_64 0.18.2 13.00 80.00 93.00 OK
r-patched-linux-x86_64 0.18.2 4.31 38.48 42.79 OK
r-patched-solaris-x86 0.18.2 78.10 OK
r-release-linux-x86_64 0.18.2 4.45 38.38 42.83 OK
r-release-windows-ix86+x86_64 0.18.2 11.00 61.00 72.00 OK
r-release-osx-x86_64 0.18.2 OK
r-oldrel-windows-ix86+x86_64 0.18.2 10.00 1675.00 1685.00 FAIL
r-oldrel-osx-x86_64 0.18.2 OK

Check Details

Version: 0.18.2
Check: S3 generic/method consistency
Result: FAIL
    
Flavor: r-oldrel-windows-ix86+x86_64