CRAN Package Check Results for Package crsra

Last updated on 2019-12-05 00:51:50 CET.

Flavor Version Tinstall Tcheck Ttotal Status Flags
r-devel-linux-x86_64-debian-clang 0.2.3 10.75 91.12 101.87 OK
r-devel-linux-x86_64-debian-gcc 0.2.3 9.00 70.04 79.04 OK
r-devel-linux-x86_64-fedora-clang 0.2.3 114.77 NOTE
r-devel-linux-x86_64-fedora-gcc 0.2.3 113.84 NOTE
r-devel-windows-ix86+x86_64 0.2.3 21.00 141.00 162.00 OK
r-devel-windows-ix86+x86_64-gcc8 0.2.3 25.00 100.00 125.00 OK
r-patched-linux-x86_64 0.2.3 9.84 82.07 91.91 OK
r-patched-solaris-x86 0.2.3 177.70 NOTE
r-release-linux-x86_64 0.2.3 10.58 87.32 97.90 OK
r-release-windows-ix86+x86_64 0.2.3 20.00 92.00 112.00 OK
r-release-osx-x86_64 0.2.3 NOTE
r-oldrel-windows-ix86+x86_64 0.2.3 11.00 151.00 162.00 OK
r-oldrel-osx-x86_64 0.2.3 NOTE

Check Details

Version: 0.2.3
Check: data for non-ASCII characters
Result: NOTE
     Note: found 500 marked UTF-8 strings
Flavors: r-devel-linux-x86_64-fedora-clang, r-devel-linux-x86_64-fedora-gcc, r-patched-solaris-x86, r-release-osx-x86_64, r-oldrel-osx-x86_64