CRAN Package Check Results for Package crfsuite

Last updated on 2019-05-24 01:47:16 CEST.

Flavor Version Tinstall Tcheck Ttotal Status Flags
r-devel-linux-x86_64-debian-clang 0.2 55.33 123.14 178.47 NOTE
r-devel-linux-x86_64-debian-gcc 0.2 40.88 102.58 143.46 NOTE
r-devel-linux-x86_64-fedora-clang 0.2 220.74 NOTE
r-devel-linux-x86_64-fedora-gcc 0.2 224.50 NOTE
r-devel-windows-ix86+x86_64 0.2 118.00 172.00 290.00 NOTE
r-patched-linux-x86_64 0.2 51.56 133.81 185.37 NOTE
r-patched-solaris-x86 0.2 312.20 NOTE
r-release-linux-x86_64 0.2 51.23 134.75 185.98 NOTE
r-release-windows-ix86+x86_64 0.2 159.00 223.00 382.00 NOTE
r-release-osx-x86_64 0.2 NOTE
r-oldrel-windows-ix86+x86_64 0.2 114.00 163.00 277.00 NOTE
r-oldrel-osx-x86_64 0.2 NOTE

Check Details

Version: 0.2
Check: line endings in C/C++/Fortran sources/headers
Result: NOTE
    Found the following sources/headers with CR or CRLF line endings:
     src/include/crfsuite.hpp
     src/include/crfsuite_api.hpp
    Some Unix compilers require LF line endings.
Flavors: r-devel-linux-x86_64-debian-clang, r-devel-linux-x86_64-debian-gcc, r-devel-linux-x86_64-fedora-clang, r-devel-linux-x86_64-fedora-gcc, r-devel-windows-ix86+x86_64, r-patched-linux-x86_64, r-patched-solaris-x86, r-release-linux-x86_64, r-release-windows-ix86+x86_64, r-release-osx-x86_64

Version: 0.2
Check: for GNU extensions in Makefiles
Result: NOTE
    GNU make is a SystemRequirements.
Flavors: r-devel-linux-x86_64-debian-clang, r-devel-linux-x86_64-debian-gcc, r-devel-linux-x86_64-fedora-clang, r-devel-linux-x86_64-fedora-gcc, r-devel-windows-ix86+x86_64, r-patched-linux-x86_64, r-patched-solaris-x86, r-release-linux-x86_64, r-release-windows-ix86+x86_64, r-release-osx-x86_64, r-oldrel-windows-ix86+x86_64, r-oldrel-osx-x86_64