CRAN Package Check Results for Package credule

Last updated on 2019-05-22 01:46:24 CEST.

Flavor Version Tinstall Tcheck Ttotal Status Flags
r-devel-linux-x86_64-debian-clang 0.1.3 2.30 20.63 22.93 OK
r-devel-linux-x86_64-debian-gcc 0.1.3 1.91 16.58 18.49 OK
r-devel-linux-x86_64-fedora-clang 0.1.3 28.34 NOTE
r-devel-linux-x86_64-fedora-gcc 0.1.3 27.66 NOTE
r-devel-windows-ix86+x86_64 0.1.3 7.00 50.00 57.00 OK
r-patched-linux-x86_64 0.1.3 2.40 20.70 23.10 OK
r-patched-solaris-x86 0.1.3 42.30 OK
r-release-linux-x86_64 0.1.3 2.40 20.65 23.05 OK
r-release-windows-ix86+x86_64 0.1.3 11.00 63.00 74.00 OK
r-release-osx-x86_64 0.1.3 OK
r-oldrel-windows-ix86+x86_64 0.1.3 6.00 35.00 41.00 OK
r-oldrel-osx-x86_64 0.1.3 OK

Check Details

Version: 0.1.3
Check: compiled code
Result: NOTE
    File ‘credule/libs/credule.so’:
     Found no calls to: ‘R_registerRoutines’, ‘R_useDynamicSymbols’
    
    It is good practice to register native routines and to disable symbol
    search.
    
    See ‘Writing portable packages’ in the ‘Writing R Extensions’ manual.
Flavors: r-devel-linux-x86_64-fedora-clang, r-devel-linux-x86_64-fedora-gcc