CRAN Package Check Results for Package credule

Last updated on 2019-08-17 02:47:33 CEST.

Flavor Version Tinstall Tcheck Ttotal Status Flags
r-devel-linux-x86_64-debian-clang 0.1.3 2.51 20.69 23.20 OK
r-devel-linux-x86_64-debian-gcc 0.1.3 2.10 16.75 18.85 OK
r-devel-linux-x86_64-fedora-clang 0.1.3 29.39 NOTE
r-devel-linux-x86_64-fedora-gcc 0.1.3 28.18 NOTE
r-devel-windows-ix86+x86_64 0.1.3 15.00 57.00 72.00 OK
r-patched-linux-x86_64 0.1.3 2.23 20.64 22.87 OK
r-patched-solaris-x86 0.1.3 45.30 OK
r-release-linux-x86_64 0.1.3 1.95 20.66 22.61 OK
r-release-windows-ix86+x86_64 0.1.3 15.00 54.00 69.00 OK
r-release-osx-x86_64 0.1.3 OK
r-oldrel-windows-ix86+x86_64 0.1.3 11.00 53.00 64.00 OK
r-oldrel-osx-x86_64 0.1.3 OK

Check Details

Version: 0.1.3
Check: compiled code
Result: NOTE
    File ‘credule/libs/credule.so’:
     Found no calls to: ‘R_registerRoutines’, ‘R_useDynamicSymbols’
    
    It is good practice to register native routines and to disable symbol
    search.
    
    See ‘Writing portable packages’ in the ‘Writing R Extensions’ manual.
Flavors: r-devel-linux-x86_64-fedora-clang, r-devel-linux-x86_64-fedora-gcc