CRAN Package Check Results for Package conflicted

Last updated on 2019-10-21 02:46:27 CEST.

Flavor Version Tinstall Tcheck Ttotal Status Flags
r-devel-linux-x86_64-debian-clang 1.0.4 1.96 79.55 81.51 OK
r-devel-linux-x86_64-debian-gcc 1.0.4 1.85 61.55 63.40 OK
r-devel-linux-x86_64-fedora-clang 1.0.4 93.31 NOTE
r-devel-linux-x86_64-fedora-gcc 1.0.4 92.80 NOTE
r-devel-windows-ix86+x86_64 1.0.4 7.00 34.00 41.00 OK
r-patched-linux-x86_64 1.0.4 1.74 78.47 80.21 OK
r-patched-solaris-x86 1.0.4 47.10 NOTE
r-release-linux-x86_64 1.0.4 1.67 78.03 79.70 OK
r-release-windows-ix86+x86_64 1.0.4 9.00 49.00 58.00 OK
r-release-osx-x86_64 1.0.4 NOTE
r-oldrel-windows-ix86+x86_64 1.0.4 3.00 36.00 39.00 OK
r-oldrel-osx-x86_64 1.0.4 NOTE

Check Details

Version: 1.0.4
Check: dependencies in R code
Result: NOTE
    Namespace in Imports field not imported from: ‘memoise’
     All declared Imports should be used.
Flavors: r-devel-linux-x86_64-fedora-clang, r-devel-linux-x86_64-fedora-gcc, r-patched-solaris-x86, r-release-osx-x86_64, r-oldrel-osx-x86_64