CRAN Package Check Results for Package conflicted

Last updated on 2019-07-16 01:50:14 CEST.

Flavor Version Tinstall Tcheck Ttotal Status Flags
r-devel-linux-x86_64-debian-clang 1.0.4 2.20 77.43 79.63 OK
r-devel-linux-x86_64-debian-gcc 1.0.4 1.62 58.68 60.30 OK
r-devel-linux-x86_64-fedora-clang 1.0.4 89.15 NOTE
r-devel-linux-x86_64-fedora-gcc 1.0.4 101.25 NOTE
r-devel-windows-ix86+x86_64 1.0.4 7.00 49.00 56.00 OK
r-patched-linux-x86_64 1.0.4 2.13 72.97 75.10 OK
r-patched-solaris-x86 1.0.4 49.40 NOTE
r-release-linux-x86_64 1.0.4 2.22 75.99 78.21 OK
r-release-windows-ix86+x86_64 1.0.4 4.00 52.00 56.00 OK
r-release-osx-x86_64 1.0.4 NOTE
r-oldrel-windows-ix86+x86_64 1.0.4 3.00 51.00 54.00 OK
r-oldrel-osx-x86_64 1.0.4 NOTE

Check Details

Version: 1.0.4
Check: dependencies in R code
Result: NOTE
    Namespace in Imports field not imported from: ‘memoise’
     All declared Imports should be used.
Flavors: r-devel-linux-x86_64-fedora-clang, r-devel-linux-x86_64-fedora-gcc, r-patched-solaris-x86, r-release-osx-x86_64, r-oldrel-osx-x86_64