CRAN Package Check Results for Package concor

Last updated on 2019-06-19 01:46:57 CEST.

Flavor Version Tinstall Tcheck Ttotal Status Flags
r-devel-linux-x86_64-debian-clang 1.0-0.1 2.09 21.11 23.20 NOTE
r-devel-linux-x86_64-debian-gcc 1.0-0.1 2.07 16.74 18.81 NOTE
r-devel-linux-x86_64-fedora-clang 1.0-0.1 28.01 NOTE
r-devel-linux-x86_64-fedora-gcc 1.0-0.1 26.74 NOTE
r-devel-windows-ix86+x86_64 1.0-0.1 5.00 33.00 38.00 NOTE
r-patched-linux-x86_64 1.0-0.1 2.63 20.76 23.39 NOTE
r-patched-solaris-x86 1.0-0.1 40.90 NOTE
r-release-linux-x86_64 1.0-0.1 2.64 20.80 23.44 NOTE
r-release-windows-ix86+x86_64 1.0-0.1 6.00 48.00 54.00 NOTE
r-release-osx-x86_64 1.0-0.1 NOTE
r-oldrel-windows-ix86+x86_64 1.0-0.1 3.00 29.00 32.00 NOTE
r-oldrel-osx-x86_64 1.0-0.1 NOTE

Check Details

Version: 1.0-0.1
Check: Rd files
Result: NOTE
    prepare_Rd: concor.Rd:4: Dropping empty section \keyword
    prepare_Rd: concor.Rd:5: Dropping empty section \keyword
    prepare_Rd: concorcano.Rd:4: Dropping empty section \keyword
    prepare_Rd: concorcano.Rd:5: Dropping empty section \keyword
    prepare_Rd: concoreg.Rd:4: Dropping empty section \keyword
    prepare_Rd: concoreg.Rd:5: Dropping empty section \keyword
    prepare_Rd: concorgm.Rd:4: Dropping empty section \keyword
    prepare_Rd: concorgm.Rd:5: Dropping empty section \keyword
    prepare_Rd: concorgmcano.Rd:4: Dropping empty section \keyword
    prepare_Rd: concorgmcano.Rd:5: Dropping empty section \keyword
    prepare_Rd: concorgmreg.Rd:4: Dropping empty section \keyword
    prepare_Rd: concorgmreg.Rd:5: Dropping empty section \keyword
    prepare_Rd: concors.Rd:4: Dropping empty section \keyword
    prepare_Rd: concors.Rd:5: Dropping empty section \keyword
    prepare_Rd: concorscano.Rd:4: Dropping empty section \keyword
    prepare_Rd: concorscano.Rd:5: Dropping empty section \keyword
    prepare_Rd: concorsreg.Rd:4: Dropping empty section \keyword
    prepare_Rd: concorsreg.Rd:5: Dropping empty section \keyword
    prepare_Rd: svdbip.Rd:4: Dropping empty section \keyword
    prepare_Rd: svdbip.Rd:5: Dropping empty section \keyword
    prepare_Rd: svdbip2.Rd:4: Dropping empty section \keyword
    prepare_Rd: svdbip2.Rd:5: Dropping empty section \keyword
    prepare_Rd: svdbips.Rd:4: Dropping empty section \keyword
    prepare_Rd: svdbips.Rd:5: Dropping empty section \keyword
    prepare_Rd: svdcp.Rd:4: Dropping empty section \keyword
    prepare_Rd: svdcp.Rd:5: Dropping empty section \keyword
Flavors: r-devel-linux-x86_64-debian-clang, r-devel-linux-x86_64-debian-gcc, r-devel-linux-x86_64-fedora-clang, r-devel-linux-x86_64-fedora-gcc, r-devel-windows-ix86+x86_64, r-patched-linux-x86_64, r-patched-solaris-x86, r-release-linux-x86_64, r-release-windows-ix86+x86_64, r-release-osx-x86_64, r-oldrel-windows-ix86+x86_64, r-oldrel-osx-x86_64