CRAN Package Check Results for Package colourvision

Last updated on 2019-09-15 01:46:51 CEST.

Flavor Version Tinstall Tcheck Ttotal Status Flags
r-devel-linux-x86_64-debian-clang 2.0.2 9.99 98.96 108.95 OK
r-devel-linux-x86_64-debian-gcc 2.0.2 8.10 78.11 86.21 OK
r-devel-linux-x86_64-fedora-clang 2.0.2 129.26 OK
r-devel-linux-x86_64-fedora-gcc 2.0.2 129.37 OK
r-devel-windows-ix86+x86_64 2.0.2 34.00 109.00 143.00 OK
r-patched-linux-x86_64 2.0.2 10.06 97.39 107.45 OK
r-patched-solaris-x86 2.0.2 179.90 OK
r-release-linux-x86_64 2.0.2 9.03 96.34 105.37 OK
r-release-windows-ix86+x86_64 2.0.2 22.00 116.00 138.00 OK
r-release-osx-x86_64 2.0.2 WARN
r-oldrel-windows-ix86+x86_64 2.0.2 17.00 111.00 128.00 OK
r-oldrel-osx-x86_64 2.0.2 WARN

Check Details

Version: 2.0.2
Check: whether package can be installed
Result: WARN
    Found the following significant warnings:
     Warning: 'rgl_init' failed, running with rgl.useNULL = TRUE
Flavors: r-release-osx-x86_64, r-oldrel-osx-x86_64