CRAN Package Check Results for Package colourvision

Last updated on 2019-06-25 01:48:52 CEST.

Flavor Version Tinstall Tcheck Ttotal Status Flags
r-devel-linux-x86_64-debian-clang 2.0.2 8.53 97.56 106.09 OK
r-devel-linux-x86_64-debian-gcc 2.0.2 8.07 78.06 86.13 OK
r-devel-linux-x86_64-fedora-clang 2.0.2 129.43 OK
r-devel-linux-x86_64-fedora-gcc 2.0.2 126.12 OK
r-devel-windows-ix86+x86_64 2.0.2 32.00 116.00 148.00 OK
r-patched-linux-x86_64 2.0.2 9.37 98.74 108.11 OK
r-patched-solaris-x86 2.0.2 185.60 OK
r-release-linux-x86_64 2.0.2 8.52 99.12 107.64 OK
r-release-windows-ix86+x86_64 2.0.2 19.00 153.00 172.00 OK
r-release-osx-x86_64 2.0.2 WARN
r-oldrel-windows-ix86+x86_64 2.0.2 13.00 107.00 120.00 OK
r-oldrel-osx-x86_64 2.0.2 WARN

Check Details

Version: 2.0.2
Check: whether package can be installed
Result: WARN
    Found the following significant warnings:
     Warning: 'rgl_init' failed, running with rgl.useNULL = TRUE
Flavors: r-release-osx-x86_64, r-oldrel-osx-x86_64