CRAN Package Check Results for Package colordistance

Last updated on 2019-05-27 01:47:35 CEST.

Flavor Version Tinstall Tcheck Ttotal Status Flags
r-devel-linux-x86_64-debian-clang 1.1.0 4.02 123.21 127.23 OK
r-devel-linux-x86_64-debian-gcc 1.1.0 3.19 92.60 95.79 OK
r-devel-linux-x86_64-fedora-clang 1.1.0 147.30 NOTE
r-devel-linux-x86_64-fedora-gcc 1.1.0 143.42 NOTE
r-devel-windows-ix86+x86_64 1.1.0 7.00 136.00 143.00 OK
r-patched-linux-x86_64 1.1.0 OK
r-patched-solaris-x86 1.1.0 215.50 NOTE
r-release-linux-x86_64 1.1.0 3.63 118.54 122.17 OK
r-release-windows-ix86+x86_64 1.1.0 11.00 173.00 184.00 OK
r-release-osx-x86_64 1.1.0 NOTE
r-oldrel-windows-ix86+x86_64 1.1.0 8.00 157.00 165.00 OK
r-oldrel-osx-x86_64 1.1.0 NOTE

Check Details

Version: 1.1.0
Check: dependencies in R code
Result: NOTE
    Namespace in Imports field not imported from: ‘magrittr’
     All declared Imports should be used.
Flavors: r-devel-linux-x86_64-fedora-clang, r-devel-linux-x86_64-fedora-gcc, r-patched-solaris-x86, r-release-osx-x86_64, r-oldrel-osx-x86_64