CRAN Package Check Results for Package cocktailApp

Last updated on 2019-05-20 01:46:28 CEST.

Flavor Version Tinstall Tcheck Ttotal Status Flags
r-devel-linux-x86_64-debian-clang 0.2.0 5.56 62.03 67.59 OK
r-devel-linux-x86_64-debian-gcc 0.2.0 4.09 47.79 51.88 OK
r-devel-linux-x86_64-fedora-clang 0.2.0 79.20 NOTE
r-devel-linux-x86_64-fedora-gcc 0.2.0 82.74 NOTE
r-devel-windows-ix86+x86_64 0.2.0 15.00 109.00 124.00 OK
r-patched-linux-x86_64 0.2.0 5.18 60.62 65.80 OK
r-patched-solaris-x86 0.2.0 133.80 NOTE
r-release-linux-x86_64 0.2.0 5.27 60.38 65.65 OK
r-release-windows-ix86+x86_64 0.2.0 20.00 112.00 132.00 OK
r-release-osx-x86_64 0.2.0 NOTE
r-oldrel-windows-ix86+x86_64 0.2.0 20.00 81.00 101.00 OK
r-oldrel-osx-x86_64 0.2.0 NOTE

Check Details

Version: 0.2.0
Check: data for non-ASCII characters
Result: NOTE
     Note: found 14661 marked UTF-8 strings
Flavors: r-devel-linux-x86_64-fedora-clang, r-devel-linux-x86_64-fedora-gcc, r-patched-solaris-x86, r-release-osx-x86_64, r-oldrel-osx-x86_64