CRAN Package Check Results for Package clustermq

Last updated on 2019-07-21 01:46:51 CEST.

Flavor Version Tinstall Tcheck Ttotal Status Flags
r-devel-linux-x86_64-debian-clang 0.8.8 8.01 38.35 46.36 OK
r-devel-linux-x86_64-debian-gcc 0.8.8 6.30 31.64 37.94 OK
r-devel-linux-x86_64-fedora-clang 0.8.8 55.76 NOTE
r-devel-linux-x86_64-fedora-gcc 0.8.8 55.57 NOTE
r-devel-windows-ix86+x86_64 0.8.8 10.00 65.00 75.00 OK
r-patched-linux-x86_64 0.8.8 7.82 38.53 46.35 WARN
r-patched-solaris-x86 0.8.8 83.90 NOTE
r-release-linux-x86_64 0.8.8 9.10 38.19 47.29 OK
r-release-windows-ix86+x86_64 0.8.8 11.00 47.00 58.00 OK
r-release-osx-x86_64 0.8.8 NOTE
r-oldrel-windows-ix86+x86_64 0.8.8 14.00 64.00 78.00 OK
r-oldrel-osx-x86_64 0.8.8 NOTE

Check Details

Version: 0.8.8
Check: dependencies in R code
Result: NOTE
    Namespaces in Imports field not imported from:
     ‘R6’ ‘purrr’
     All declared Imports should be used.
Flavors: r-devel-linux-x86_64-fedora-clang, r-devel-linux-x86_64-fedora-gcc, r-patched-solaris-x86, r-release-osx-x86_64, r-oldrel-osx-x86_64

Version: 0.8.8
Check: re-building of vignette outputs
Result: WARN
    Error(s) in re-building vignettes:
     ...
    --- re-building ‘quickstart.Rmd’ using rmarkdown
    Could not fetch http://image.ibb.co/cRgYNR/plot.png
    HttpExceptionRequest Request {
     host = "image.ibb.co"
     port = 80
     secure = False
     requestHeaders = []
     path = "/cRgYNR/plot.png"
     queryString = ""
     method = "GET"
     proxy = Nothing
     rawBody = False
     redirectCount = 10
     responseTimeout = ResponseTimeoutDefault
     requestVersion = HTTP/1.1
    }
     (ConnectionFailure Network.Socket.connect: <socket: 14>: does not exist (Connection refused))
    Error: processing vignette 'quickstart.Rmd' failed with diagnostics:
    pandoc document conversion failed with error 61
    --- failed re-building ‘quickstart.Rmd’
    
    --- re-building ‘technicaldocs.Rmd’ using rmarkdown
    --- finished re-building ‘technicaldocs.Rmd’
    
    --- re-building ‘userguide.Rmd’ using rmarkdown
    --- finished re-building ‘userguide.Rmd’
    
    SUMMARY: processing the following file failed:
     ‘quickstart.Rmd’
    
    Error: Vignette re-building failed.
    Execution halted
Flavor: r-patched-linux-x86_64