CRAN Package Check Results for Package clpAPI

Last updated on 2019-09-17 01:50:05 CEST.

Flavor Version Tinstall Tcheck Ttotal Status Flags
r-devel-linux-x86_64-debian-clang 1.2.11 7.53 32.51 40.04 WARN
r-devel-linux-x86_64-debian-gcc 1.2.11 WARN
r-devel-linux-x86_64-fedora-clang 1.2.11 50.62 WARN
r-devel-linux-x86_64-fedora-gcc 1.2.11 48.07 WARN
r-devel-windows-ix86+x86_64 1.2.11 27.00 97.00 124.00 NOTE
r-patched-linux-x86_64 1.2.11 6.07 31.62 37.69 OK
r-patched-solaris-x86 1.2.11 71.50 OK
r-release-linux-x86_64 1.2.11 6.42 32.42 38.84 OK
r-release-windows-ix86+x86_64 1.2.11 15.00 79.00 94.00 NOTE
r-release-osx-x86_64 1.2.11 ERROR
r-oldrel-windows-ix86+x86_64 1.2.11 13.00 78.00 91.00 NOTE
r-oldrel-osx-x86_64 1.2.11 ERROR

Check Details

Version: 1.2.11
Check: whether package can be installed
Result: WARN
    Found the following significant warnings:
     'config' variable 'CPP' is deprecated
Flavors: r-devel-linux-x86_64-debian-clang, r-devel-linux-x86_64-debian-gcc, r-devel-linux-x86_64-fedora-clang, r-devel-linux-x86_64-fedora-gcc

Version: 1.2.11
Check: installed package size
Result: NOTE
     installed size is 6.8Mb
     sub-directories of 1Mb or more:
     libs 6.2Mb
Flavors: r-devel-windows-ix86+x86_64, r-release-windows-ix86+x86_64, r-oldrel-windows-ix86+x86_64

Version: 1.2.11
Check: whether package can be installed
Result: ERROR
    Installation failed.
Flavors: r-release-osx-x86_64, r-oldrel-osx-x86_64