CRAN Package Check Results for Package clpAPI

Last updated on 2019-06-19 01:46:56 CEST.

Flavor Version Tinstall Tcheck Ttotal Status Flags
r-devel-linux-x86_64-debian-clang 1.2.11 7.81 31.95 39.76 OK
r-devel-linux-x86_64-debian-gcc 1.2.11 5.39 26.58 31.97 OK
r-devel-linux-x86_64-fedora-clang 1.2.11 47.66 OK
r-devel-linux-x86_64-fedora-gcc 1.2.11 46.07 OK
r-devel-windows-ix86+x86_64 1.2.11 21.00 76.00 97.00 NOTE
r-patched-linux-x86_64 1.2.11 6.75 32.10 38.85 OK
r-patched-solaris-x86 1.2.11 71.30 OK
r-release-linux-x86_64 1.2.11 6.02 32.21 38.23 OK
r-release-windows-ix86+x86_64 1.2.11 15.00 79.00 94.00 NOTE
r-release-osx-x86_64 1.2.11 ERROR
r-oldrel-windows-ix86+x86_64 1.2.11 13.00 78.00 91.00 NOTE
r-oldrel-osx-x86_64 1.2.11 ERROR

Check Details

Version: 1.2.11
Check: installed package size
Result: NOTE
     installed size is 6.8Mb
     sub-directories of 1Mb or more:
     libs 6.2Mb
Flavors: r-devel-windows-ix86+x86_64, r-release-windows-ix86+x86_64, r-oldrel-windows-ix86+x86_64

Version: 1.2.11
Check: whether package can be installed
Result: ERROR
    Installation failed.
Flavors: r-release-osx-x86_64, r-oldrel-osx-x86_64