CRAN Package Check Results for Package clhs

Last updated on 2019-10-21 02:46:27 CEST.

Flavor Version Tinstall Tcheck Ttotal Status Flags
r-devel-linux-x86_64-debian-clang 0.7-2 8.89 192.80 201.69 OK
r-devel-linux-x86_64-debian-gcc 0.7-2 7.38 147.20 154.58 OK
r-devel-linux-x86_64-fedora-clang 0.7-2 230.72 NOTE
r-devel-linux-x86_64-fedora-gcc 0.7-2 226.72 NOTE
r-devel-windows-ix86+x86_64 0.7-2 17.00 199.00 216.00 OK
r-patched-linux-x86_64 0.7-2 9.34 182.05 191.39 OK
r-patched-solaris-x86 0.7-2 326.80 NOTE
r-release-linux-x86_64 0.7-2 7.67 183.23 190.90 OK
r-release-windows-ix86+x86_64 0.7-2 24.00 192.00 216.00 OK
r-release-osx-x86_64 0.7-2 NOTE
r-oldrel-windows-ix86+x86_64 0.7-2 10.00 191.00 201.00 OK
r-oldrel-osx-x86_64 0.7-2 NOTE

Check Details

Version: 0.7-2
Check: dependencies in R code
Result: NOTE
    Namespaces in Imports field not imported from:
     ‘scales’ ‘sp’
     All declared Imports should be used.
Flavors: r-devel-linux-x86_64-fedora-clang, r-devel-linux-x86_64-fedora-gcc, r-patched-solaris-x86, r-release-osx-x86_64, r-oldrel-osx-x86_64