CRAN Package Check Results for Package clhs

Last updated on 2019-07-16 01:50:13 CEST.

Flavor Version Tinstall Tcheck Ttotal Status Flags
r-devel-linux-x86_64-debian-clang 0.7-2 8.93 192.27 201.20 OK
r-devel-linux-x86_64-debian-gcc 0.7-2 7.71 148.54 156.25 OK
r-devel-linux-x86_64-fedora-clang 0.7-2 229.82 NOTE
r-devel-linux-x86_64-fedora-gcc 0.7-2 231.13 NOTE
r-devel-windows-ix86+x86_64 0.7-2 27.00 252.00 279.00 OK
r-patched-linux-x86_64 0.7-2 9.90 184.70 194.60 OK
r-patched-solaris-x86 0.7-2 340.10 NOTE
r-release-linux-x86_64 0.7-2 9.50 184.86 194.36 OK
r-release-windows-ix86+x86_64 0.7-2 15.00 194.00 209.00 OK
r-release-osx-x86_64 0.7-2 NOTE
r-oldrel-windows-ix86+x86_64 0.7-2 18.00 188.00 206.00 OK
r-oldrel-osx-x86_64 0.7-2 NOTE

Check Details

Version: 0.7-2
Check: dependencies in R code
Result: NOTE
    Namespaces in Imports field not imported from:
     ‘scales’ ‘sp’
     All declared Imports should be used.
Flavors: r-devel-linux-x86_64-fedora-clang, r-devel-linux-x86_64-fedora-gcc, r-patched-solaris-x86, r-release-osx-x86_64, r-oldrel-osx-x86_64