CRAN Package Check Results for Package ck37r

Last updated on 2019-06-25 01:48:51 CEST.

Flavor Version Tinstall Tcheck Ttotal Status Flags
r-devel-linux-x86_64-debian-clang 1.0.0 10.48 120.35 130.83 OK
r-devel-linux-x86_64-debian-gcc 1.0.0 9.41 92.95 102.36 OK
r-devel-linux-x86_64-fedora-clang 1.0.0 152.07 OK
r-devel-linux-x86_64-fedora-gcc 1.0.0 143.67 OK
r-devel-windows-ix86+x86_64 1.0.0 40.00 129.00 169.00 NOTE
r-patched-linux-x86_64 1.0.0 10.28 113.86 124.14 OK
r-patched-solaris-x86 1.0.0 240.10 OK
r-release-linux-x86_64 1.0.0 10.90 114.45 125.35 OK
r-release-windows-ix86+x86_64 1.0.0 27.00 263.00 290.00 NOTE
r-release-osx-x86_64 1.0.0 OK
r-oldrel-windows-ix86+x86_64 1.0.0 14.00 114.00 128.00 NOTE
r-oldrel-osx-x86_64 1.0.0 OK

Check Details

Version: 1.0.0
Check: package dependencies
Result: NOTE
    Package suggested but not available for checking: 'doMC'
Flavors: r-devel-windows-ix86+x86_64, r-release-windows-ix86+x86_64, r-oldrel-windows-ix86+x86_64