CRAN Package Check Results for Package ck37r

Last updated on 2019-09-15 01:46:50 CEST.

Flavor Version Tinstall Tcheck Ttotal Status Flags
r-devel-linux-x86_64-debian-clang 1.0.0 11.83 121.49 133.32 OK
r-devel-linux-x86_64-debian-gcc 1.0.0 11.31 93.46 104.77 OK
r-devel-linux-x86_64-fedora-clang 1.0.0 153.93 OK
r-devel-linux-x86_64-fedora-gcc 1.0.0 149.18 OK
r-devel-windows-ix86+x86_64 1.0.0 48.00 196.00 244.00 NOTE
r-patched-linux-x86_64 1.0.0 13.22 114.34 127.56 OK
r-patched-solaris-x86 1.0.0 236.40 OK
r-release-linux-x86_64 1.0.0 12.13 113.09 125.22 OK
r-release-windows-ix86+x86_64 1.0.0 18.00 119.00 137.00 NOTE
r-release-osx-x86_64 1.0.0 OK
r-oldrel-windows-ix86+x86_64 1.0.0 22.00 120.00 142.00 NOTE
r-oldrel-osx-x86_64 1.0.0 OK

Check Details

Version: 1.0.0
Check: package dependencies
Result: NOTE
    Package suggested but not available for checking: 'doMC'
Flavors: r-devel-windows-ix86+x86_64, r-release-windows-ix86+x86_64, r-oldrel-windows-ix86+x86_64