CRAN Package Check Results for Package chinese.misc

Last updated on 2019-11-17 01:48:05 CET.

Flavor Version Tinstall Tcheck Ttotal Status Flags
r-devel-linux-x86_64-debian-clang 0.2.1 8.65 71.01 79.66 OK
r-devel-linux-x86_64-debian-gcc 0.2.1 8.52 57.21 65.73 OK
r-devel-linux-x86_64-fedora-clang 0.2.1 98.35 OK
r-devel-linux-x86_64-fedora-gcc 0.2.1 102.30 OK
r-devel-windows-ix86+x86_64 0.2.1 33.00 139.00 172.00 OK
r-patched-linux-x86_64 0.2.1 9.54 71.75 81.29 OK
r-patched-solaris-x86 0.2.1 189.10 OK
r-release-linux-x86_64 0.2.1 9.67 70.86 80.53 OK
r-release-windows-ix86+x86_64 0.2.1 24.00 140.00 164.00 OK
r-release-osx-x86_64 0.2.1 OK
r-oldrel-windows-ix86+x86_64 0.2.0 21.00 135.00 156.00 OK
r-oldrel-osx-x86_64 0.2.1 ERROR

Check Details

Version: 0.2.1
Check: whether package can be installed
Result: ERROR
    Installation failed.
Flavor: r-oldrel-osx-x86_64