CRAN Package Check Results for Package caret

Last updated on 2019-10-21 02:46:26 CEST.

Flavor Version Tinstall Tcheck Ttotal Status Flags
r-devel-linux-x86_64-debian-clang 6.0-84 35.30 586.61 621.91 OK
r-devel-linux-x86_64-debian-gcc 6.0-84 31.98 420.40 452.38 OK
r-devel-linux-x86_64-fedora-clang 6.0-84 673.73 NOTE
r-devel-linux-x86_64-fedora-gcc 6.0-84 643.37 OK
r-devel-windows-ix86+x86_64 6.0-84 49.00 980.00 1029.00 NOTE --no-vignettes
r-patched-linux-x86_64 6.0-84 30.70 514.12 544.82 OK
r-patched-solaris-x86 6.0-84 903.40 NOTE
r-release-linux-x86_64 6.0-84 36.10 513.78 549.88 OK
r-release-windows-ix86+x86_64 6.0-84 73.00 1039.00 1112.00 NOTE --no-vignettes
r-release-osx-x86_64 6.0-84 NOTE
r-oldrel-windows-ix86+x86_64 6.0-84 45.00 700.00 745.00 NOTE --no-vignettes
r-oldrel-osx-x86_64 6.0-84 NOTE

Check Details

Version: 6.0-84
Check: installed package size
Result: NOTE
     installed size is 6.6Mb
     sub-directories of 1Mb or more:
     R 1.1Mb
     data 1.5Mb
     models 2.4Mb
Flavors: r-devel-linux-x86_64-fedora-clang, r-patched-solaris-x86, r-release-osx-x86_64, r-oldrel-osx-x86_64

Version: 6.0-84
Flags: --no-vignettes
Check: installed package size
Result: NOTE
     installed size is 6.5Mb
     sub-directories of 1Mb or more:
     R 1.1Mb
     data 1.5Mb
     models 2.4Mb
Flavors: r-devel-windows-ix86+x86_64, r-release-windows-ix86+x86_64, r-oldrel-windows-ix86+x86_64