CRAN Package Check Results for Package caret

Last updated on 2019-07-19 01:47:12 CEST.

Flavor Version Tinstall Tcheck Ttotal Status Flags
r-devel-linux-x86_64-debian-clang 6.0-84 32.42 588.78 621.20 OK
r-devel-linux-x86_64-debian-gcc 6.0-84 30.96 427.66 458.62 OK
r-devel-linux-x86_64-fedora-clang 6.0-84 671.09 NOTE
r-devel-linux-x86_64-fedora-gcc 6.0-84 681.85 OK
r-devel-windows-ix86+x86_64 6.0-84 80.00 686.00 766.00 NOTE --no-vignettes
r-patched-linux-x86_64 6.0-84 29.86 514.41 544.27 OK
r-patched-solaris-x86 6.0-84 904.00 NOTE
r-release-linux-x86_64 6.0-84 32.58 512.75 545.33 OK
r-release-windows-ix86+x86_64 6.0-84 52.00 682.00 734.00 NOTE --no-vignettes
r-release-osx-x86_64 6.0-84 NOTE
r-oldrel-windows-ix86+x86_64 6.0-84 54.00 959.00 1013.00 NOTE --no-vignettes
r-oldrel-osx-x86_64 6.0-84 NOTE

Check Details

Version: 6.0-84
Check: installed package size
Result: NOTE
     installed size is 6.6Mb
     sub-directories of 1Mb or more:
     R 1.1Mb
     data 1.5Mb
     models 2.4Mb
Flavors: r-devel-linux-x86_64-fedora-clang, r-patched-solaris-x86, r-release-osx-x86_64, r-oldrel-osx-x86_64

Version: 6.0-84
Flags: --no-vignettes
Check: installed package size
Result: NOTE
     installed size is 6.5Mb
     sub-directories of 1Mb or more:
     R 1.1Mb
     data 1.5Mb
     models 2.4Mb
Flavors: r-devel-windows-ix86+x86_64, r-release-windows-ix86+x86_64, r-oldrel-windows-ix86+x86_64