CRAN Package Check Results for Package capm

Last updated on 2019-08-18 01:46:06 CEST.

Flavor Version Tinstall Tcheck Ttotal Status Flags
r-devel-linux-x86_64-debian-clang 0.13.10 11.63 106.24 117.87 OK
r-devel-linux-x86_64-debian-gcc 0.13.10 10.69 81.20 91.89 OK
r-devel-linux-x86_64-fedora-clang 0.13.10 140.90 NOTE
r-devel-linux-x86_64-fedora-gcc 0.13.10 134.93 NOTE
r-devel-windows-ix86+x86_64 0.13.10 32.00 160.00 192.00 OK
r-patched-linux-x86_64 0.13.10 10.20 101.58 111.78 OK
r-patched-solaris-x86 0.13.10 220.30 NOTE
r-release-linux-x86_64 0.13.10 12.47 101.33 113.80 OK
r-release-windows-ix86+x86_64 0.13.10 37.00 157.00 194.00 OK
r-release-osx-x86_64 0.13.10 NOTE
r-oldrel-windows-ix86+x86_64 0.13.10 26.00 159.00 185.00 OK
r-oldrel-osx-x86_64 0.13.10 NOTE

Check Details

Version: 0.13.10
Check: data for non-ASCII characters
Result: NOTE
     Note: found 59 marked UTF-8 strings
Flavors: r-devel-linux-x86_64-fedora-clang, r-devel-linux-x86_64-fedora-gcc, r-patched-solaris-x86, r-release-osx-x86_64, r-oldrel-osx-x86_64