CRAN Package Check Results for Package capm

Last updated on 2019-05-22 01:46:23 CEST.

Flavor Version Tinstall Tcheck Ttotal Status Flags
r-devel-linux-x86_64-debian-clang 0.13.10 12.19 105.90 118.09 OK
r-devel-linux-x86_64-debian-gcc 0.13.10 11.84 81.90 93.74 OK
r-devel-linux-x86_64-fedora-clang 0.13.10 138.35 NOTE
r-devel-linux-x86_64-fedora-gcc 0.13.10 133.89 NOTE
r-devel-windows-ix86+x86_64 0.13.10 25.00 167.00 192.00 OK
r-patched-linux-x86_64 0.13.10 13.44 102.05 115.49 OK
r-patched-solaris-x86 0.13.10 221.60 NOTE
r-release-linux-x86_64 0.13.10 12.49 102.27 114.76 OK
r-release-windows-ix86+x86_64 0.13.10 35.00 127.00 162.00 OK
r-release-osx-x86_64 0.13.10 NOTE
r-oldrel-windows-ix86+x86_64 0.13.10 14.00 117.00 131.00 OK
r-oldrel-osx-x86_64 0.13.10 NOTE

Check Details

Version: 0.13.10
Check: data for non-ASCII characters
Result: NOTE
     Note: found 59 marked UTF-8 strings
Flavors: r-devel-linux-x86_64-fedora-clang, r-devel-linux-x86_64-fedora-gcc, r-patched-solaris-x86, r-release-osx-x86_64, r-oldrel-osx-x86_64