CRAN Package Check Results for Package calmate

Last updated on 2019-08-18 01:46:06 CEST.

Flavor Version Tinstall Tcheck Ttotal Status Flags
r-devel-linux-x86_64-debian-clang 0.12.1 5.58 54.90 60.48 OK
r-devel-linux-x86_64-debian-gcc 0.12.1 4.90 44.72 49.62 OK
r-devel-linux-x86_64-fedora-clang 0.12.1 74.62 OK
r-devel-linux-x86_64-fedora-gcc 0.12.1 72.18 OK
r-devel-windows-ix86+x86_64 0.12.1 21.00 104.00 125.00 OK
r-patched-linux-x86_64 0.12.1 6.13 55.64 61.77 OK
r-patched-solaris-x86 0.12.1 108.60 OK
r-release-linux-x86_64 0.12.1 4.97 55.09 60.06 OK
r-release-windows-ix86+x86_64 0.12.1 16.00 98.00 114.00 OK
r-release-osx-x86_64 0.12.1 ERROR
r-oldrel-windows-ix86+x86_64 0.12.1 12.00 107.00 119.00 OK
r-oldrel-osx-x86_64 0.12.1 OK

Check Details

Version: 0.12.1
Check: package dependencies
Result: ERROR
    Package required but not available: ‘aroma.core’
    
    Package suggested but not available for checking: ‘DNAcopy’
    
    See section ‘The DESCRIPTION file’ in the ‘Writing R Extensions’
    manual.
Flavor: r-release-osx-x86_64