CRAN Package Check Results for Package bsam

Last updated on 2019-12-05 00:51:48 CET.

Flavor Version Tinstall Tcheck Ttotal Status Flags
r-devel-linux-x86_64-debian-clang 1.1.2 12.94 81.99 94.93 OK
r-devel-linux-x86_64-debian-gcc 1.1.2 9.77 61.42 71.19 OK
r-devel-linux-x86_64-fedora-clang 1.1.2 102.13 NOTE
r-devel-linux-x86_64-fedora-gcc 1.1.2 102.32 NOTE
r-devel-windows-ix86+x86_64 1.1.2 21.00 123.00 144.00 OK
r-devel-windows-ix86+x86_64-gcc8 1.1.2 20.00 92.00 112.00 OK
r-patched-linux-x86_64 1.1.2 11.22 70.24 81.46 OK
r-patched-solaris-x86 1.1.2 162.10 NOTE
r-release-linux-x86_64 1.1.2 10.11 75.20 85.31 OK
r-release-windows-ix86+x86_64 1.1.2 23.00 86.00 109.00 OK
r-release-osx-x86_64 1.1.2 NOTE
r-oldrel-windows-ix86+x86_64 1.1.2 13.00 81.00 94.00 OK
r-oldrel-osx-x86_64 1.1.2 NOTE

Check Details

Version: 1.1.2
Check: dependencies in R code
Result: NOTE
    Namespaces in Imports field not imported from:
     ‘rworldxtra’ ‘sp’
     All declared Imports should be used.
Flavors: r-devel-linux-x86_64-fedora-clang, r-devel-linux-x86_64-fedora-gcc, r-patched-solaris-x86, r-release-osx-x86_64, r-oldrel-osx-x86_64