CRAN Package Check Results for Package broom

Last updated on 2019-09-15 01:46:50 CEST.

Flavor Version Tinstall Tcheck Ttotal Status Flags
r-devel-linux-x86_64-debian-clang 0.5.2 11.79 208.62 220.41 OK
r-devel-linux-x86_64-debian-gcc 0.5.2 9.15 160.24 169.39 OK
r-devel-linux-x86_64-fedora-clang 0.5.2 257.25 OK
r-devel-linux-x86_64-fedora-gcc 0.5.2 280.46 OK
r-devel-windows-ix86+x86_64 0.5.2 34.00 352.00 386.00 OK
r-patched-linux-x86_64 0.5.2 10.19 205.20 215.39 OK
r-patched-solaris-x86 0.5.2 360.10 OK
r-release-linux-x86_64 0.5.2 9.56 205.50 215.06 OK
r-release-windows-ix86+x86_64 0.5.2 21.00 246.00 267.00 OK
r-release-osx-x86_64 0.5.2 NOTE
r-oldrel-windows-ix86+x86_64 0.5.2 23.00 248.00 271.00 ERROR
r-oldrel-osx-x86_64 0.5.2 OK

Check Details

Version: 0.5.2
Check: package dependencies
Result: NOTE
    Package suggested but not available for checking: ‘xergm’
Flavor: r-release-osx-x86_64

Version: 0.5.2
Check: examples
Result: ERROR
    Running examples in 'broom-Ex.R' failed
    The error most likely occurred in:
    
    > ### Name: tidy.ergm
    > ### Title: Tidy a(n) ergm object
    > ### Aliases: tidy.ergm ergm_tidiers
    >
    > ### ** Examples
    >
    >
    > library(ergm)
    Loading required package: network
    network: Classes for Relational Data
    Version 1.15 created on 2019-04-01.
    copyright (c) 2005, Carter T. Butts, University of California-Irvine
     Mark S. Handcock, University of California -- Los Angeles
     David R. Hunter, Penn State University
     Martina Morris, University of Washington
     Skye Bender-deMoll, University of Washington
     For citation information, type citation("network").
     Type help("network-package") to get started.
    
    Error: package or namespace load failed for 'ergm' in loadNamespace(j <- i[[1L]], c(lib.loc, .libPaths()), versionCheck = vI[[j]]):
     namespace 'MASS' 7.3-51.1 is already loaded, but >= 7.3.51.4 is required
    Execution halted
Flavor: r-oldrel-windows-ix86+x86_64