CRAN Package Check Results for Package broom

Last updated on 2019-06-26 01:54:10 CEST.

Flavor Version Tinstall Tcheck Ttotal Status Flags
r-devel-linux-x86_64-debian-clang 0.5.2 8.74 205.52 214.26 OK
r-devel-linux-x86_64-debian-gcc 0.5.2 7.02 157.01 164.03 OK
r-devel-linux-x86_64-fedora-clang 0.5.2 247.50 OK
r-devel-linux-x86_64-fedora-gcc 0.5.2 242.20 OK
r-devel-windows-ix86+x86_64 0.5.2 33.00 275.00 308.00 OK
r-patched-linux-x86_64 0.5.2 9.74 200.96 210.70 OK
r-patched-solaris-x86 0.5.2 370.60 OK
r-release-linux-x86_64 0.5.2 10.06 201.50 211.56 OK
r-release-windows-ix86+x86_64 0.5.2 18.00 480.00 498.00 OK
r-release-osx-x86_64 0.5.2 NOTE
r-oldrel-windows-ix86+x86_64 0.5.2 13.00 162.00 175.00 ERROR
r-oldrel-osx-x86_64 0.5.2 OK

Check Details

Version: 0.5.2
Check: package dependencies
Result: NOTE
    Package suggested but not available for checking: ‘xergm’
Flavor: r-release-osx-x86_64

Version: 0.5.2
Check: examples
Result: ERROR
    Running examples in 'broom-Ex.R' failed
    The error most likely occurred in:
    
    > ### Name: tidy.ergm
    > ### Title: Tidy a(n) ergm object
    > ### Aliases: tidy.ergm ergm_tidiers
    >
    > ### ** Examples
    >
    >
    > library(ergm)
    Loading required package: network
    network: Classes for Relational Data
    Version 1.15 created on 2019-04-01.
    copyright (c) 2005, Carter T. Butts, University of California-Irvine
     Mark S. Handcock, University of California -- Los Angeles
     David R. Hunter, Penn State University
     Martina Morris, University of Washington
     Skye Bender-deMoll, University of Washington
     For citation information, type citation("network").
     Type help("network-package") to get started.
    
    Error: package or namespace load failed for 'ergm' in loadNamespace(j <- i[[1L]], c(lib.loc, .libPaths()), versionCheck = vI[[j]]):
     namespace 'MASS' 7.3-51.1 is already loaded, but >= 7.3.51.4 is required
    Execution halted
Flavor: r-oldrel-windows-ix86+x86_64