CRAN Package Check Results for Package brainR

Last updated on 2019-08-23 01:47:21 CEST.

Flavor Version Tinstall Tcheck Ttotal Status Flags
r-devel-linux-x86_64-debian-clang 1.5.1 5.42 44.36 49.78 NOTE
r-devel-linux-x86_64-debian-gcc 1.5.1 5.41 35.40 40.81 NOTE
r-devel-linux-x86_64-fedora-clang 1.5.1 60.50 NOTE
r-devel-linux-x86_64-fedora-gcc 1.5.1 57.87 NOTE
r-devel-windows-ix86+x86_64 1.5.1 20.00 90.00 110.00 OK
r-patched-linux-x86_64 1.5.1 5.69 43.72 49.41 OK
r-patched-solaris-x86 1.5.1 89.00 OK
r-release-linux-x86_64 1.5.1 6.27 44.16 50.43 OK
r-release-windows-ix86+x86_64 1.5.1 20.00 92.00 112.00 OK
r-release-osx-x86_64 1.5.1 WARN
r-oldrel-windows-ix86+x86_64 1.5.1 12.00 93.00 105.00 OK
r-oldrel-osx-x86_64 1.5.1 OK

Check Details

Version: 1.5.1
Check: for non-standard things in the check directory
Result: NOTE
    Found the following files/directories:
     'MNI152_T1_8mm_brain.stl' 'Visit_1_8mm.stl' 'Visit_1_8mm_1.stl'
     'Visit_2_8mm.stl' 'Visit_2_8mm_1.stl' 'Visit_3_8mm.stl'
     'Visit_3_8mm_1.stl' 'Visit_4_8mm.stl' 'Visit_4_8mm_1.stl'
     'Visit_5_8mm.stl' 'Visit_5_8mm_1.stl' 'brain.stl' 'index_4D_stl.html'
     'xtk_edge.js' 'xtk_xdat.gui.js'
Flavors: r-devel-linux-x86_64-debian-clang, r-devel-linux-x86_64-debian-gcc, r-devel-linux-x86_64-fedora-clang, r-devel-linux-x86_64-fedora-gcc

Version: 1.5.1
Check: whether package can be installed
Result: WARN
    Found the following significant warnings:
     Warning: 'rgl_init' failed, running with rgl.useNULL = TRUE
Flavor: r-release-osx-x86_64