CRAN Package Check Results for Package brainGraph

Last updated on 2019-09-17 01:50:05 CEST.

Flavor Version Tinstall Tcheck Ttotal Status Flags
r-devel-linux-x86_64-debian-clang 2.2.0 20.04 136.67 156.71 OK
r-devel-linux-x86_64-debian-gcc 2.2.0 OK
r-devel-linux-x86_64-fedora-clang 2.2.0 189.97 OK
r-devel-linux-x86_64-fedora-gcc 2.2.0 185.20 OK
r-devel-windows-ix86+x86_64 2.2.0 64.00 227.00 291.00 OK
r-patched-linux-x86_64 2.2.0 21.70 134.85 156.55 OK
r-patched-solaris-x86 2.2.0 272.50 OK
r-release-linux-x86_64 2.2.0 21.10 135.19 156.29 OK
r-release-windows-ix86+x86_64 2.2.0 42.00 154.00 196.00 OK
r-release-osx-x86_64 2.2.0 NOTE
r-oldrel-windows-ix86+x86_64 2.2.0 41.00 140.00 181.00 OK
r-oldrel-osx-x86_64 2.2.0 NOTE

Check Details

Version: 2.2.0
Check: package dependencies
Result: NOTE
    Packages suggested but not available for checking: 'RGtk2', 'cairoDevice'
Flavor: r-release-osx-x86_64

Version: 2.2.0
Check: package dependencies
Result: NOTE
    Packages suggested but not available for checking: ‘RGtk2’ ‘cairoDevice’
Flavor: r-oldrel-osx-x86_64