CRAN Package Check Results for Package bootnet

Last updated on 2019-09-20 01:47:40 CEST.

Flavor Version Tinstall Tcheck Ttotal Status Flags
r-devel-linux-x86_64-debian-clang 1.2.4 14.30 143.81 158.11 OK
r-devel-linux-x86_64-debian-gcc 1.2.4 12.06 112.84 124.90 OK
r-devel-linux-x86_64-fedora-clang 1.2.4 195.52 NOTE
r-devel-linux-x86_64-fedora-gcc 1.2.4 194.77 NOTE
r-devel-windows-ix86+x86_64 1.2.4 68.00 235.00 303.00 OK
r-patched-linux-x86_64 1.2.4 14.38 142.65 157.03 OK
r-patched-solaris-x86 1.2.4 282.60 NOTE
r-release-linux-x86_64 1.2.4 12.40 143.27 155.67 OK
r-release-windows-ix86+x86_64 1.2.4 37.00 146.00 183.00 OK
r-release-osx-x86_64 1.2.4 NOTE
r-oldrel-windows-ix86+x86_64 1.2.4 19.00 158.00 177.00 OK
r-oldrel-osx-x86_64 1.2.4 NOTE

Check Details

Version: 1.2.4
Check: dependencies in R code
Result: NOTE
    Namespace in Imports field not imported from: ‘psychTools’
     All declared Imports should be used.
Flavors: r-devel-linux-x86_64-fedora-clang, r-devel-linux-x86_64-fedora-gcc, r-patched-solaris-x86, r-release-osx-x86_64, r-oldrel-osx-x86_64