CRAN Package Check Results for Package bookdown

Last updated on 2019-05-24 01:47:13 CEST.

Flavor Version Tinstall Tcheck Ttotal Status Flags
r-devel-linux-x86_64-debian-clang 0.10 4.72 30.61 35.33 OK
r-devel-linux-x86_64-debian-gcc 0.10 3.58 24.77 28.35 OK
r-devel-linux-x86_64-fedora-clang 0.10 41.64 NOTE
r-devel-linux-x86_64-fedora-gcc 0.10 39.94 NOTE
r-devel-windows-ix86+x86_64 0.10 8.00 41.00 49.00 OK
r-patched-linux-x86_64 0.10 4.09 30.72 34.81 OK
r-patched-solaris-x86 0.10 63.20 NOTE
r-release-linux-x86_64 0.10 3.79 30.54 34.33 OK
r-release-windows-ix86+x86_64 0.10 10.00 62.00 72.00 OK
r-release-osx-x86_64 0.10 NOTE
r-oldrel-windows-ix86+x86_64 0.10 6.00 38.00 44.00 OK
r-oldrel-osx-x86_64 0.10 NOTE

Check Details

Version: 0.10
Check: dependencies in R code
Result: NOTE
    Namespace in Imports field not imported from: ‘yaml’
     All declared Imports should be used.
Flavors: r-devel-linux-x86_64-fedora-clang, r-devel-linux-x86_64-fedora-gcc, r-patched-solaris-x86, r-release-osx-x86_64, r-oldrel-osx-x86_64