CRAN Package Check Results for Package bmmix

Last updated on 2019-09-15 01:46:49 CEST.

Flavor Version Tinstall Tcheck Ttotal Status Flags
r-devel-linux-x86_64-debian-clang 0.1-2 3.73 36.99 40.72 NOTE
r-devel-linux-x86_64-debian-gcc 0.1-2 3.11 29.14 32.25 NOTE
r-devel-linux-x86_64-fedora-clang 0.1-2 48.58 NOTE
r-devel-linux-x86_64-fedora-gcc 0.1-2 47.15 NOTE
r-devel-windows-ix86+x86_64 0.1-2 24.00 53.00 77.00 NOTE
r-patched-linux-x86_64 0.1-2 2.86 36.09 38.95 NOTE
r-patched-solaris-x86 0.1-2 78.10 NOTE
r-release-linux-x86_64 0.1-2 3.13 35.96 39.09 NOTE
r-release-windows-ix86+x86_64 0.1-2 12.00 48.00 60.00 NOTE
r-release-osx-x86_64 0.1-2 NOTE
r-oldrel-windows-ix86+x86_64 0.1-2 11.00 49.00 60.00 NOTE
r-oldrel-osx-x86_64 0.1-2 NOTE

Check Details

Version: 0.1-2
Check: DESCRIPTION meta-information
Result: NOTE
    Malformed Description field: should contain one or more complete sentences.
Flavors: r-devel-linux-x86_64-debian-clang, r-devel-linux-x86_64-debian-gcc, r-devel-linux-x86_64-fedora-clang, r-devel-linux-x86_64-fedora-gcc, r-devel-windows-ix86+x86_64, r-patched-linux-x86_64, r-patched-solaris-x86, r-release-linux-x86_64, r-release-windows-ix86+x86_64, r-release-osx-x86_64, r-oldrel-windows-ix86+x86_64, r-oldrel-osx-x86_64

Version: 0.1-2
Check: R code for possible problems
Result: NOTE
    bmmix : LL.y: no visible global function definition for 'dmultinom'
    bmmix : LL.x : <anonymous>: no visible global function definition for
     'dmultinom'
    bmmix : LPrior.alpha: no visible global function definition for 'dexp'
    bmmix : alpha.move: no visible global function definition for 'rnorm'
    bmmix : alpha.move: no visible global function definition for 'runif'
    bmmix : phi.move: no visible global function definition for 'rnorm'
    bmmix : phi.move: no visible global function definition for 'runif'
    bmmix: no visible global function definition for 'read.table'
    Undefined global functions or variables:
     dexp dmultinom read.table rnorm runif
    Consider adding
     importFrom("stats", "dexp", "dmultinom", "rnorm", "runif")
     importFrom("utils", "read.table")
    to your NAMESPACE file.
Flavors: r-devel-linux-x86_64-debian-clang, r-devel-linux-x86_64-debian-gcc, r-devel-linux-x86_64-fedora-clang, r-devel-linux-x86_64-fedora-gcc, r-devel-windows-ix86+x86_64, r-patched-linux-x86_64, r-patched-solaris-x86, r-release-linux-x86_64, r-release-windows-ix86+x86_64, r-release-osx-x86_64, r-oldrel-windows-ix86+x86_64, r-oldrel-osx-x86_64

Version: 0.1-2
Check: for non-standard things in the check directory
Result: NOTE
    Found the following files/directories:
     'mcmc.txt'
Flavors: r-devel-linux-x86_64-debian-clang, r-devel-linux-x86_64-debian-gcc, r-devel-linux-x86_64-fedora-clang, r-devel-linux-x86_64-fedora-gcc