CRAN Package Check Results for Package bmmix

Last updated on 2019-06-25 01:48:50 CEST.

Flavor Version Tinstall Tcheck Ttotal Status Flags
r-devel-linux-x86_64-debian-clang 0.1-2 3.06 36.79 39.85 NOTE
r-devel-linux-x86_64-debian-gcc 0.1-2 2.90 28.90 31.80 NOTE
r-devel-linux-x86_64-fedora-clang 0.1-2 47.79 NOTE
r-devel-linux-x86_64-fedora-gcc 0.1-2 45.62 NOTE
r-devel-windows-ix86+x86_64 0.1-2 21.00 58.00 79.00 NOTE
r-patched-linux-x86_64 0.1-2 3.15 35.91 39.06 NOTE
r-patched-solaris-x86 0.1-2 80.80 NOTE
r-release-linux-x86_64 0.1-2 3.64 35.95 39.59 NOTE
r-release-windows-ix86+x86_64 0.1-2 8.00 91.00 99.00 NOTE
r-release-osx-x86_64 0.1-2 NOTE
r-oldrel-windows-ix86+x86_64 0.1-2 5.00 47.00 52.00 NOTE
r-oldrel-osx-x86_64 0.1-2 NOTE

Check Details

Version: 0.1-2
Check: DESCRIPTION meta-information
Result: NOTE
    Malformed Description field: should contain one or more complete sentences.
Flavors: r-devel-linux-x86_64-debian-clang, r-devel-linux-x86_64-debian-gcc, r-devel-linux-x86_64-fedora-clang, r-devel-linux-x86_64-fedora-gcc, r-devel-windows-ix86+x86_64, r-patched-linux-x86_64, r-patched-solaris-x86, r-release-linux-x86_64, r-release-windows-ix86+x86_64, r-release-osx-x86_64, r-oldrel-windows-ix86+x86_64, r-oldrel-osx-x86_64

Version: 0.1-2
Check: R code for possible problems
Result: NOTE
    bmmix : LL.y: no visible global function definition for 'dmultinom'
    bmmix : LL.x : <anonymous>: no visible global function definition for
     'dmultinom'
    bmmix : LPrior.alpha: no visible global function definition for 'dexp'
    bmmix : alpha.move: no visible global function definition for 'rnorm'
    bmmix : alpha.move: no visible global function definition for 'runif'
    bmmix : phi.move: no visible global function definition for 'rnorm'
    bmmix : phi.move: no visible global function definition for 'runif'
    bmmix: no visible global function definition for 'read.table'
    Undefined global functions or variables:
     dexp dmultinom read.table rnorm runif
    Consider adding
     importFrom("stats", "dexp", "dmultinom", "rnorm", "runif")
     importFrom("utils", "read.table")
    to your NAMESPACE file.
Flavors: r-devel-linux-x86_64-debian-clang, r-devel-linux-x86_64-debian-gcc, r-devel-linux-x86_64-fedora-clang, r-devel-linux-x86_64-fedora-gcc, r-devel-windows-ix86+x86_64, r-patched-linux-x86_64, r-patched-solaris-x86, r-release-linux-x86_64, r-release-windows-ix86+x86_64, r-release-osx-x86_64, r-oldrel-windows-ix86+x86_64, r-oldrel-osx-x86_64

Version: 0.1-2
Check: for non-standard things in the check directory
Result: NOTE
    Found the following files/directories:
     'mcmc.txt'
Flavors: r-devel-linux-x86_64-debian-clang, r-devel-linux-x86_64-debian-gcc, r-devel-linux-x86_64-fedora-clang, r-devel-linux-x86_64-fedora-gcc