CRAN Package Check Results for Package biotools

Last updated on 2019-09-17 01:50:04 CEST.

Flavor Version Tinstall Tcheck Ttotal Status Flags
r-devel-linux-x86_64-debian-clang 3.1 13.68 102.59 116.27 OK
r-devel-linux-x86_64-debian-gcc 3.1 OK
r-devel-linux-x86_64-fedora-clang 3.1 144.33 OK
r-devel-linux-x86_64-fedora-gcc 3.1 143.95 OK
r-devel-windows-ix86+x86_64 3.1 46.00 205.00 251.00 OK
r-patched-linux-x86_64 3.1 14.12 102.91 117.03 OK
r-patched-solaris-x86 3.1 237.20 OK
r-release-linux-x86_64 3.1 14.44 102.44 116.88 OK
r-release-windows-ix86+x86_64 3.1 32.00 152.00 184.00 OK
r-release-osx-x86_64 3.1 ERROR
r-oldrel-windows-ix86+x86_64 3.1 25.00 144.00 169.00 OK
r-oldrel-osx-x86_64 3.1 ERROR

Check Details

Version: 3.1
Check: package dependencies
Result: ERROR
    Package required but not available: ‘rpanel’
    
    Package suggested but not available for checking: ‘soilphysics’
    
    See section ‘The DESCRIPTION file’ in the ‘Writing R Extensions’
    manual.
Flavors: r-release-osx-x86_64, r-oldrel-osx-x86_64