CRAN Package Check Results for Package biotools

Last updated on 2019-06-19 01:46:55 CEST.

Flavor Version Tinstall Tcheck Ttotal Status Flags
r-devel-linux-x86_64-debian-clang 3.1 12.33 101.88 114.21 OK
r-devel-linux-x86_64-debian-gcc 3.1 11.18 82.98 94.16 OK
r-devel-linux-x86_64-fedora-clang 3.1 140.23 OK
r-devel-linux-x86_64-fedora-gcc 3.1 136.99 OK
r-devel-windows-ix86+x86_64 3.1 42.00 195.00 237.00 OK
r-patched-linux-x86_64 3.1 13.83 102.58 116.41 OK
r-patched-solaris-x86 3.1 248.40 OK
r-release-linux-x86_64 3.1 12.63 103.23 115.86 OK
r-release-windows-ix86+x86_64 3.1 42.00 187.00 229.00 OK
r-release-osx-x86_64 3.1 ERROR
r-oldrel-windows-ix86+x86_64 3.1 17.00 208.00 225.00 OK
r-oldrel-osx-x86_64 3.1 ERROR

Check Details

Version: 3.1
Check: package dependencies
Result: ERROR
    Package required but not available: ‘rpanel’
    
    Package suggested but not available for checking: ‘soilphysics’
    
    See section ‘The DESCRIPTION file’ in the ‘Writing R Extensions’
    manual.
Flavors: r-release-osx-x86_64, r-oldrel-osx-x86_64