CRAN Package Check Results for Package biostat3

Last updated on 2019-06-26 01:54:10 CEST.

Flavor Version Tinstall Tcheck Ttotal Status Flags
r-devel-linux-x86_64-debian-clang 0.1.3 8.39 71.63 80.02 OK
r-devel-linux-x86_64-debian-gcc 0.1.3 8.24 57.09 65.33 OK
r-devel-linux-x86_64-fedora-clang 0.1.3 95.73 NOTE
r-devel-linux-x86_64-fedora-gcc 0.1.3 92.49 OK
r-devel-windows-ix86+x86_64 0.1.3 36.00 92.00 128.00 NOTE
r-patched-linux-x86_64 0.1.3 9.33 69.85 79.18 OK
r-patched-solaris-x86 0.1.3 150.00 NOTE
r-release-linux-x86_64 0.1.3 9.05 69.71 78.76 OK
r-release-windows-ix86+x86_64 0.1.3 24.00 128.00 152.00 NOTE
r-release-osx-x86_64 0.1.3 NOTE
r-oldrel-windows-ix86+x86_64 0.1.3 15.00 77.00 92.00 NOTE
r-oldrel-osx-x86_64 0.1.3 NOTE

Check Details

Version: 0.1.3
Check: installed package size
Result: NOTE
     installed size is 5.5Mb
     sub-directories of 1Mb or more:
     doc 4.9Mb
Flavors: r-devel-linux-x86_64-fedora-clang, r-devel-windows-ix86+x86_64, r-patched-solaris-x86, r-release-windows-ix86+x86_64, r-release-osx-x86_64, r-oldrel-windows-ix86+x86_64, r-oldrel-osx-x86_64