CRAN Package Check Results for Package biostat3

Last updated on 2019-09-15 01:46:49 CEST.

Flavor Version Tinstall Tcheck Ttotal Status Flags
r-devel-linux-x86_64-debian-clang 0.1.3 10.60 74.51 85.11 OK
r-devel-linux-x86_64-debian-gcc 0.1.3 9.03 57.64 66.67 OK
r-devel-linux-x86_64-fedora-clang 0.1.3 98.45 NOTE
r-devel-linux-x86_64-fedora-gcc 0.1.3 95.75 OK
r-devel-windows-ix86+x86_64 0.1.3 33.00 122.00 155.00 NOTE
r-patched-linux-x86_64 0.1.3 10.95 71.04 81.99 OK
r-patched-solaris-x86 0.1.3 153.70 NOTE
r-release-linux-x86_64 0.1.3 10.05 70.43 80.48 OK
r-release-windows-ix86+x86_64 0.1.3 22.00 91.00 113.00 NOTE
r-release-osx-x86_64 0.1.3 NOTE
r-oldrel-windows-ix86+x86_64 0.1.3 24.00 81.00 105.00 NOTE
r-oldrel-osx-x86_64 0.1.3 NOTE

Check Details

Version: 0.1.3
Check: installed package size
Result: NOTE
     installed size is 5.5Mb
     sub-directories of 1Mb or more:
     doc 4.9Mb
Flavors: r-devel-linux-x86_64-fedora-clang, r-devel-windows-ix86+x86_64, r-patched-solaris-x86, r-release-windows-ix86+x86_64, r-release-osx-x86_64, r-oldrel-windows-ix86+x86_64, r-oldrel-osx-x86_64