CRAN Package Check Results for Package biclique

Last updated on 2019-06-25 01:48:49 CEST.

Flavor Version Tinstall Tcheck Ttotal Status Flags
r-devel-linux-x86_64-debian-clang 1.0.2 3.62 17.52 21.14 ERROR
r-devel-linux-x86_64-debian-gcc 1.0.2 2.37 14.27 16.64 OK
r-devel-linux-x86_64-fedora-clang 1.0.2 25.85 OK
r-devel-linux-x86_64-fedora-gcc 1.0.2 24.39 OK
r-devel-windows-ix86+x86_64 1.0.2 21.00 38.00 59.00 OK
r-patched-linux-x86_64 1.0.2 3.18 17.50 20.68 OK
r-patched-solaris-x86 1.0.2 43.20 OK
r-release-linux-x86_64 1.0.2 3.37 17.79 21.16 OK
r-release-windows-ix86+x86_64 1.0.2 14.00 49.00 63.00 OK
r-release-osx-x86_64 1.0.2 OK
r-oldrel-windows-ix86+x86_64 1.0.2 18.00 75.00 93.00 OK
r-oldrel-osx-x86_64 1.0.2 OK

Check Details

Version: 1.0.2
Check: examples
Result: ERROR
    Running examples in 'biclique-Ex.R' failed
    The error most likely occurred in:
    
    > base::assign(".ptime", proc.time(), pos = "CheckExEnv")
    > ### Name: bi.clique
    > ### Title: Biclique enumeration
    > ### Aliases: bi.clique
    >
    > ### ** Examples
    >
    > bicliques = bi.clique(system.file("extdata", "example1.el", package = "biclique"))
    
     *** caught segfault ***
    address (nil), cause 'memory not mapped'
    
    Traceback:
     1: bi.clique(system.file("extdata", "example1.el", package = "biclique"))
    An irrecoverable exception occurred. R is aborting now ...
    Segmentation fault
Flavor: r-devel-linux-x86_64-debian-clang