CRAN Package Check Results for Package bdchecks

Last updated on 2019-07-15 01:46:31 CEST.

Flavor Version Tinstall Tcheck Ttotal Status Flags
r-devel-linux-x86_64-debian-clang 0.1.7 12.38 96.58 108.96 OK
r-devel-linux-x86_64-debian-gcc 0.1.7 8.37 73.85 82.22 OK
r-devel-linux-x86_64-fedora-clang 0.1.7 109.07 NOTE
r-devel-linux-x86_64-fedora-gcc 0.1.7 100.64 NOTE
r-devel-windows-ix86+x86_64 0.1.7 27.00 115.00 142.00 OK
r-patched-linux-x86_64 0.1.7 12.20 94.32 106.52 OK
r-patched-solaris-x86 0.1.7 176.30 NOTE
r-release-linux-x86_64 0.1.7 12.44 93.07 105.51 OK
r-release-windows-ix86+x86_64 0.1.7 26.00 162.00 188.00 OK
r-release-osx-x86_64 0.1.7 NOTE
r-oldrel-windows-ix86+x86_64 0.1.7 31.00 107.00 138.00 OK
r-oldrel-osx-x86_64 0.1.7 NOTE

Check Details

Version: 0.1.7
Check: data for non-ASCII characters
Result: NOTE
     Note: found 72 marked UTF-8 strings
Flavors: r-devel-linux-x86_64-fedora-clang, r-devel-linux-x86_64-fedora-gcc, r-patched-solaris-x86, r-release-osx-x86_64, r-oldrel-osx-x86_64