CRAN Package Check Results for Package bdchecks

Last updated on 2019-10-19 01:50:08 CEST.

Flavor Version Tinstall Tcheck Ttotal Status Flags
r-devel-linux-x86_64-debian-clang 0.1.7 11.28 96.37 107.65 OK
r-devel-linux-x86_64-debian-gcc 0.1.7 10.61 73.21 83.82 OK
r-devel-linux-x86_64-fedora-clang 0.1.7 107.74 NOTE
r-devel-linux-x86_64-fedora-gcc 0.1.7 113.84 NOTE
r-devel-windows-ix86+x86_64 0.1.7 53.00 117.00 170.00 OK
r-patched-linux-x86_64 0.1.7 11.02 91.26 102.28 OK
r-patched-solaris-x86 0.1.7 167.70 NOTE
r-release-linux-x86_64 0.1.7 11.70 93.50 105.20 OK
r-release-windows-ix86+x86_64 0.1.7 26.00 101.00 127.00 OK
r-release-osx-x86_64 0.1.7 NOTE
r-oldrel-windows-ix86+x86_64 0.1.7 14.00 114.00 128.00 OK
r-oldrel-osx-x86_64 0.1.7 NOTE

Check Details

Version: 0.1.7
Check: data for non-ASCII characters
Result: NOTE
     Note: found 72 marked UTF-8 strings
Flavors: r-devel-linux-x86_64-fedora-clang, r-devel-linux-x86_64-fedora-gcc, r-patched-solaris-x86, r-release-osx-x86_64, r-oldrel-osx-x86_64