CRAN Package Check Results for Package baystability

Last updated on 2019-06-24 01:47:28 CEST.

Flavor Version Tinstall Tcheck Ttotal Status Flags
r-devel-linux-x86_64-debian-clang 0.1.0 10.20 92.66 102.86 OK
r-devel-linux-x86_64-debian-gcc 0.1.0 8.94 73.66 82.60 OK
r-devel-linux-x86_64-fedora-clang 0.1.0 120.93 NOTE
r-devel-linux-x86_64-fedora-gcc 0.1.0 119.98 NOTE
r-devel-windows-ix86+x86_64 0.1.0 39.00 113.00 152.00 OK
r-patched-linux-x86_64 0.1.0 11.00 90.57 101.57 OK
r-patched-solaris-x86 0.1.0 201.20 NOTE
r-release-linux-x86_64 0.1.0 9.14 92.08 101.22 OK
r-release-windows-ix86+x86_64 0.1.0 25.00 153.00 178.00 OK
r-release-osx-x86_64 0.1.0 NOTE
r-oldrel-windows-ix86+x86_64 0.1.0 14.00 106.00 120.00 OK
r-oldrel-osx-x86_64 0.1.0 NOTE

Check Details

Version: 0.1.0
Check: dependencies in R code
Result: NOTE
    Namespaces in Imports field not imported from:
     ‘ggfortify’ ‘ggplot2’ ‘matrixStats’ ‘reshape2’ ‘scales’
     All declared Imports should be used.
Flavors: r-devel-linux-x86_64-fedora-clang, r-devel-linux-x86_64-fedora-gcc, r-patched-solaris-x86, r-release-osx-x86_64, r-oldrel-osx-x86_64