CRAN Package Check Results for Package baystability

Last updated on 2019-09-17 01:50:04 CEST.

Flavor Version Tinstall Tcheck Ttotal Status Flags
r-devel-linux-x86_64-debian-clang 0.1.0 10.64 92.66 103.30 OK
r-devel-linux-x86_64-debian-gcc 0.1.0 OK
r-devel-linux-x86_64-fedora-clang 0.1.0 125.53 NOTE
r-devel-linux-x86_64-fedora-gcc 0.1.0 125.79 NOTE
r-devel-windows-ix86+x86_64 0.1.0 47.00 214.00 261.00 OK
r-patched-linux-x86_64 0.1.0 9.56 90.93 100.49 OK
r-patched-solaris-x86 0.1.0 199.70 NOTE
r-release-linux-x86_64 0.1.0 10.44 92.29 102.73 OK
r-release-windows-ix86+x86_64 0.1.0 21.00 94.00 115.00 OK
r-release-osx-x86_64 0.1.0 NOTE
r-oldrel-windows-ix86+x86_64 0.1.0 21.00 148.00 169.00 OK
r-oldrel-osx-x86_64 0.1.0 NOTE

Check Details

Version: 0.1.0
Check: dependencies in R code
Result: NOTE
    Namespaces in Imports field not imported from:
     ‘ggfortify’ ‘ggplot2’ ‘matrixStats’ ‘reshape2’ ‘scales’
     All declared Imports should be used.
Flavors: r-devel-linux-x86_64-fedora-clang, r-devel-linux-x86_64-fedora-gcc, r-patched-solaris-x86, r-release-osx-x86_64, r-oldrel-osx-x86_64