CRAN Package Check Results for Package bayesdfa

Last updated on 2019-11-12 00:52:38 CET.

Flavor Version Tinstall Tcheck Ttotal Status Flags
r-devel-linux-x86_64-debian-clang 0.1.3 389.60 237.53 627.13 NOTE
r-devel-linux-x86_64-debian-gcc 0.1.3 394.96 186.36 581.32 NOTE
r-devel-linux-x86_64-fedora-clang 0.1.3 864.36 NOTE
r-devel-linux-x86_64-fedora-gcc 0.1.3 980.26 NOTE
r-devel-windows-ix86+x86_64 0.1.3 701.00 388.00 1089.00 NOTE
r-patched-linux-x86_64 0.1.3 395.47 230.94 626.41 NOTE
r-patched-solaris-x86 0.1.3 969.10 NOTE
r-release-linux-x86_64 0.1.3 385.74 232.73 618.47 NOTE
r-release-windows-ix86+x86_64 0.1.3 869.00 469.00 1338.00 NOTE
r-release-osx-x86_64 0.1.3 NOTE
r-oldrel-windows-ix86+x86_64 0.1.3 868.00 489.00 1357.00 NOTE
r-oldrel-osx-x86_64 0.1.3 NOTE

Check Details

Version: 0.1.3
Check: for GNU extensions in Makefiles
Result: NOTE
    GNU make is a SystemRequirements.
Flavors: r-devel-linux-x86_64-debian-clang, r-devel-linux-x86_64-debian-gcc, r-devel-linux-x86_64-fedora-clang, r-devel-linux-x86_64-fedora-gcc, r-devel-windows-ix86+x86_64, r-patched-linux-x86_64, r-patched-solaris-x86, r-release-linux-x86_64, r-release-windows-ix86+x86_64, r-release-osx-x86_64, r-oldrel-windows-ix86+x86_64, r-oldrel-osx-x86_64

Version: 0.1.3
Check: installed package size
Result: NOTE
     installed size is 66.9Mb
     sub-directories of 1Mb or more:
     libs 66.1Mb
Flavors: r-devel-linux-x86_64-fedora-clang, r-devel-windows-ix86+x86_64, r-patched-solaris-x86, r-release-windows-ix86+x86_64, r-release-osx-x86_64, r-oldrel-windows-ix86+x86_64, r-oldrel-osx-x86_64