CRAN Package Check Results for Package bayesDP

Last updated on 2019-05-21 01:48:21 CEST.

Flavor Version Tinstall Tcheck Ttotal Status Flags
r-devel-linux-x86_64-debian-clang 1.3.2 43.85 115.58 159.43 OK
r-devel-linux-x86_64-debian-gcc 1.3.2 39.33 89.23 128.56 OK
r-devel-linux-x86_64-fedora-clang 1.3.2 206.64 NOTE
r-devel-linux-x86_64-fedora-gcc 1.3.2 196.21 NOTE
r-devel-windows-ix86+x86_64 1.3.2 134.00 203.00 337.00 OK
r-patched-linux-x86_64 1.3.2 43.32 109.31 152.63 OK
r-patched-solaris-x86 1.3.2 258.20 NOTE
r-release-linux-x86_64 1.3.2 45.25 112.02 157.27 OK
r-release-windows-ix86+x86_64 1.3.2 127.00 208.00 335.00 OK
r-release-osx-x86_64 1.3.2 NOTE
r-oldrel-windows-ix86+x86_64 1.3.2 75.00 128.00 203.00 OK
r-oldrel-osx-x86_64 1.3.2 NOTE

Check Details

Version: 1.3.2
Check: dependencies in R code
Result: NOTE
    Namespace in Imports field not imported from: ‘Rcpp’
     All declared Imports should be used.
Flavors: r-devel-linux-x86_64-fedora-clang, r-devel-linux-x86_64-fedora-gcc, r-patched-solaris-x86, r-release-osx-x86_64, r-oldrel-osx-x86_64