CRAN Package Check Results for Package batade

Last updated on 2019-09-20 01:47:39 CEST.

Flavor Version Tinstall Tcheck Ttotal Status Flags
r-devel-linux-x86_64-debian-clang 0.1 1.50 15.67 17.17 NOTE
r-devel-linux-x86_64-debian-gcc 0.1 1.39 12.78 14.17 NOTE
r-devel-linux-x86_64-fedora-clang 0.1 22.38 NOTE
r-devel-linux-x86_64-fedora-gcc 0.1 21.33 NOTE
r-devel-windows-ix86+x86_64 0.1 7.00 41.00 48.00 NOTE
r-patched-linux-x86_64 0.1 1.48 15.69 17.17 NOTE
r-patched-solaris-x86 0.1 36.20 NOTE
r-release-linux-x86_64 0.1 1.43 15.73 17.16 NOTE
r-release-windows-ix86+x86_64 0.1 3.00 37.00 40.00 NOTE
r-release-osx-x86_64 0.1 NOTE
r-oldrel-windows-ix86+x86_64 0.1 2.00 26.00 28.00 NOTE
r-oldrel-osx-x86_64 0.1 NOTE

Check Details

Version: 0.1
Check: dependencies in R code
Result: NOTE
    'library' or 'require' call to 'hwriter' which was already attached by Depends.
     Please remove these calls from your code.
Flavors: r-devel-linux-x86_64-debian-clang, r-devel-linux-x86_64-debian-gcc, r-devel-linux-x86_64-fedora-clang, r-devel-linux-x86_64-fedora-gcc, r-devel-windows-ix86+x86_64, r-patched-linux-x86_64, r-patched-solaris-x86, r-release-linux-x86_64, r-release-windows-ix86+x86_64, r-release-osx-x86_64, r-oldrel-windows-ix86+x86_64, r-oldrel-osx-x86_64

Version: 0.1
Check: Rd files
Result: NOTE
    prepare_Rd: mkhtml.Rd:31-33: Dropping empty section \details
    prepare_Rd: mkhtml.Rd:43-45: Dropping empty section \note
    prepare_Rd: mkhtml.Rd:40-42: Dropping empty section \author
    prepare_Rd: mkhtml.Rd:37-39: Dropping empty section \references
    prepare_Rd: mkhtml.Rd:49-51: Dropping empty section \seealso
Flavors: r-devel-linux-x86_64-debian-clang, r-devel-linux-x86_64-debian-gcc, r-devel-linux-x86_64-fedora-clang, r-devel-linux-x86_64-fedora-gcc, r-devel-windows-ix86+x86_64, r-patched-linux-x86_64, r-patched-solaris-x86, r-release-linux-x86_64, r-release-windows-ix86+x86_64, r-release-osx-x86_64, r-oldrel-windows-ix86+x86_64, r-oldrel-osx-x86_64

Version: 0.1
Check: for non-standard things in the check directory
Result: NOTE
    Found the following files/directories:
     'sample.html' 'sample.png'
Flavors: r-devel-linux-x86_64-debian-clang, r-devel-linux-x86_64-debian-gcc, r-devel-linux-x86_64-fedora-clang, r-devel-linux-x86_64-fedora-gcc