CRAN Package Check Results for Package ar.matrix

Last updated on 2019-12-05 00:51:46 CET.

Flavor Version Tinstall Tcheck Ttotal Status Flags
r-devel-linux-x86_64-debian-clang 0.1.0 1.75 28.59 30.34 OK
r-devel-linux-x86_64-debian-gcc 0.1.0 2.11 22.76 24.87 OK
r-devel-linux-x86_64-fedora-clang 0.1.0 35.98 NOTE
r-devel-linux-x86_64-fedora-gcc 0.1.0 35.27 NOTE
r-devel-windows-ix86+x86_64 0.1.0 5.00 66.00 71.00 OK
r-devel-windows-ix86+x86_64-gcc8 0.1.0 5.00 43.00 48.00 OK
r-patched-linux-x86_64 0.1.0 1.88 26.09 27.97 OK
r-patched-solaris-x86 0.1.0 52.10 NOTE
r-release-linux-x86_64 0.1.0 1.80 27.89 29.69 OK
r-release-windows-ix86+x86_64 0.1.0 7.00 43.00 50.00 OK
r-release-osx-x86_64 0.1.0 NOTE
r-oldrel-windows-ix86+x86_64 0.1.0 3.00 39.00 42.00 OK
r-oldrel-osx-x86_64 0.1.0 NOTE

Check Details

Version: 0.1.0
Check: dependencies in R code
Result: NOTE
    Namespace in Imports field not imported from: ‘sp’
     All declared Imports should be used.
Flavors: r-devel-linux-x86_64-fedora-clang, r-devel-linux-x86_64-fedora-gcc, r-patched-solaris-x86, r-release-osx-x86_64, r-oldrel-osx-x86_64