CRAN Package Check Results for Package antitrust

Last updated on 2019-07-15 01:46:30 CEST.

Flavor Version Tinstall Tcheck Ttotal Status Flags
r-devel-linux-x86_64-debian-clang 0.99.11 9.08 72.59 81.67 OK
r-devel-linux-x86_64-debian-gcc 0.99.11 8.62 57.24 65.86 OK
r-devel-linux-x86_64-fedora-clang 0.99.11 104.05 NOTE
r-devel-linux-x86_64-fedora-gcc 0.99.11 97.14 NOTE
r-devel-windows-ix86+x86_64 0.99.11 19.00 92.00 111.00 OK
r-patched-linux-x86_64 0.99.11 9.27 72.60 81.87 OK
r-patched-solaris-x86 0.99.11 136.20 NOTE
r-release-linux-x86_64 0.99.11 9.95 72.32 82.27 OK
r-release-windows-ix86+x86_64 0.99.11 16.00 129.00 145.00 OK
r-release-osx-x86_64 0.99.11 NOTE
r-oldrel-windows-ix86+x86_64 0.99.11 26.00 96.00 122.00 OK
r-oldrel-osx-x86_64 0.99.11 NOTE

Check Details

Version: 0.99.11
Check: dependencies in R code
Result: NOTE
    Namespaces in Imports field not imported from:
     ‘MASS’ ‘evd’
     All declared Imports should be used.
Flavors: r-devel-linux-x86_64-fedora-clang, r-devel-linux-x86_64-fedora-gcc, r-patched-solaris-x86, r-release-osx-x86_64, r-oldrel-osx-x86_64