CRAN Package Check Results for Package aire.zmvm

Last updated on 2019-10-21 02:46:24 CEST.

Flavor Version Tinstall Tcheck Ttotal Status Flags
r-devel-linux-x86_64-debian-clang 0.8.2 6.98 54.06 61.04 OK
r-devel-linux-x86_64-debian-gcc 0.8.2 6.58 41.50 48.08 OK
r-devel-linux-x86_64-fedora-clang 0.8.2 75.22 NOTE
r-devel-linux-x86_64-fedora-gcc 0.8.2 74.60 NOTE
r-devel-windows-ix86+x86_64 0.8.2 17.00 70.00 87.00 OK
r-patched-linux-x86_64 0.8.2 7.81 51.61 59.42 OK
r-patched-solaris-x86 0.8.2 110.00 NOTE
r-release-linux-x86_64 0.8.2 6.61 51.57 58.18 OK
r-release-windows-ix86+x86_64 0.8.2 24.00 99.00 123.00 OK
r-release-osx-x86_64 0.8.2 NOTE
r-oldrel-windows-ix86+x86_64 0.8.2 10.00 64.00 74.00 OK
r-oldrel-osx-x86_64 0.8.2 NOTE

Check Details

Version: 0.8.2
Check: data for non-ASCII characters
Result: NOTE
     Note: found 53 marked UTF-8 strings
Flavors: r-devel-linux-x86_64-fedora-clang, r-devel-linux-x86_64-fedora-gcc, r-patched-solaris-x86, r-release-osx-x86_64, r-oldrel-osx-x86_64

Version: 0.8.2
Check: package dependencies
Result: NOTE
    Package suggested but not available for checking: ‘ggseas’
Flavor: r-release-osx-x86_64