CRAN Package Check Results for Package VineCopula

Last updated on 2019-06-16 01:46:54 CEST.

Flavor Version Tinstall Tcheck Ttotal Status Flags
r-devel-linux-x86_64-debian-clang 2.1.8 43.77 191.24 235.01 NOTE
r-devel-linux-x86_64-debian-gcc 2.1.8 38.88 144.25 183.13 NOTE
r-devel-linux-x86_64-fedora-clang 2.1.8 286.55 NOTE
r-devel-linux-x86_64-fedora-gcc 2.1.8 274.20 NOTE
r-devel-windows-ix86+x86_64 2.1.8 113.00 386.00 499.00 NOTE
r-patched-linux-x86_64 2.1.8 45.06 187.85 232.91 NOTE
r-patched-solaris-x86 2.1.8 390.10 NOTE
r-release-linux-x86_64 2.1.8 45.04 186.87 231.91 NOTE
r-release-windows-ix86+x86_64 2.1.8 94.00 465.00 559.00 NOTE
r-release-osx-x86_64 2.1.8 NOTE
r-oldrel-windows-ix86+x86_64 2.1.8 78.00 358.00 436.00 OK
r-oldrel-osx-x86_64 2.1.8 OK

Check Details

Version: 2.1.8
Check: line endings in C/C++/Fortran sources/headers
Result: NOTE
    Found the following sources/headers not terminated with a newline:
     inst/include/VineCopula/pit.h
    Some compilers warn on such files.
Flavors: r-devel-linux-x86_64-debian-clang, r-devel-linux-x86_64-debian-gcc, r-devel-linux-x86_64-fedora-clang, r-devel-linux-x86_64-fedora-gcc, r-devel-windows-ix86+x86_64, r-patched-linux-x86_64, r-patched-solaris-x86, r-release-linux-x86_64, r-release-windows-ix86+x86_64, r-release-osx-x86_64