CRAN Package Check Results for Package VSE

Last updated on 2019-12-05 00:52:18 CET.

Flavor Version Tinstall Tcheck Ttotal Status Flags
r-devel-linux-x86_64-debian-clang 0.99 14.38 147.88 162.26 OK --no-vignettes
r-devel-linux-x86_64-debian-gcc 0.99 13.45 114.09 127.54 OK --no-vignettes
r-devel-linux-x86_64-fedora-clang 0.99 1530.32 OK
r-devel-linux-x86_64-fedora-gcc 0.99 1501.35 OK
r-devel-windows-ix86+x86_64 0.99 34.00 324.00 358.00 OK
r-devel-windows-ix86+x86_64-gcc8 0.99 45.00 254.00 299.00 OK
r-patched-linux-x86_64 0.99 12.31 129.31 141.62 OK --no-vignettes
r-patched-solaris-x86 0.99 1857.70 OK
r-release-linux-x86_64 0.99 15.84 134.43 150.27 OK --no-vignettes
r-release-windows-ix86+x86_64 0.99 27.00 223.00 250.00 OK
r-release-osx-x86_64 0.99 ERROR
r-oldrel-windows-ix86+x86_64 0.99 15.00 323.00 338.00 OK
r-oldrel-osx-x86_64 0.99 OK

Check Details

Version: 0.99
Check: whether package can be installed
Result: ERROR
    Installation failed.
Flavor: r-release-osx-x86_64