CRAN Package Check Results for Package TukeyRegion

Last updated on 2019-08-18 01:46:23 CEST.

Flavor Version Tinstall Tcheck Ttotal Status Flags
r-devel-linux-x86_64-debian-clang 0.1.2 82.24 40.74 122.98 OK
r-devel-linux-x86_64-debian-gcc 0.1.2 62.49 32.66 95.15 WARN
r-devel-linux-x86_64-fedora-clang 0.1.2 184.75 NOTE
r-devel-linux-x86_64-fedora-gcc 0.1.2 173.30 WARN
r-devel-windows-ix86+x86_64 0.1.2 271.00 149.00 420.00 OK
r-patched-linux-x86_64 0.1.2 73.92 40.57 114.49 WARN
r-patched-solaris-x86 0.1.2 203.40 OK
r-release-linux-x86_64 0.1.2 70.40 41.10 111.50 WARN
r-release-windows-ix86+x86_64 0.1.2 266.00 145.00 411.00 OK
r-release-osx-x86_64 0.1.2 WARN
r-oldrel-windows-ix86+x86_64 0.1.2 251.00 146.00 397.00 OK
r-oldrel-osx-x86_64 0.1.2 WARN

Check Details

Version: 0.1.2
Check: whether package can be installed
Result: WARN
    Found the following significant warnings:
     /usr/include/x86_64-linux-gnu/bits/string_fortified.h:136:10: warning: ‘__builtin___strncat_chk’ output may be truncated copying between 0 and 199 bytes from a string of length 199 [-Wstringop-truncation]
Flavor: r-devel-linux-x86_64-debian-gcc

Version: 0.1.2
Check: installed package size
Result: NOTE
     installed size is 5.4Mb
     sub-directories of 1Mb or more:
     libs 5.3Mb
Flavor: r-devel-linux-x86_64-fedora-clang

Version: 0.1.2
Check: whether package can be installed
Result: WARN
    Found the following significant warnings:
     /usr/include/bits/string_fortified.h:136:10: warning: ‘__builtin___strncat_chk’ output may be truncated copying between 0 and 199 bytes from a string of length 199 [-Wstringop-truncation]
Flavor: r-devel-linux-x86_64-fedora-gcc

Version: 0.1.2
Check: whether package can be installed
Result: WARN
    Found the following significant warnings:
     libqhull/rboxlib.c:351:5: warning: ‘strncat’ output may be truncated copying between 0 and 199 bytes from a string of length 199 [-Wstringop-truncation]
Flavors: r-patched-linux-x86_64, r-release-linux-x86_64

Version: 0.1.2
Check: whether package can be installed
Result: WARN
    Found the following significant warnings:
     Warning: 'rgl_init' failed, running with rgl.useNULL = TRUE
Flavors: r-release-osx-x86_64, r-oldrel-osx-x86_64