CRAN Package Check Results for Package TeachingDemos

Last updated on 2019-10-21 02:46:45 CEST.

Flavor Version Tinstall Tcheck Ttotal Status Flags
r-devel-linux-x86_64-debian-clang 2.10 11.90 74.83 86.73 NOTE
r-devel-linux-x86_64-debian-gcc 2.10 11.93 57.96 69.89 NOTE
r-devel-linux-x86_64-fedora-clang 2.10 106.46 NOTE
r-devel-linux-x86_64-fedora-gcc 2.10 108.88 NOTE
r-devel-windows-ix86+x86_64 2.10 20.00 90.00 110.00 OK
r-patched-linux-x86_64 2.10 12.65 74.49 87.14 NOTE
r-patched-solaris-x86 2.10 130.70 NOTE
r-release-linux-x86_64 2.10 12.24 74.23 86.47 NOTE
r-release-windows-ix86+x86_64 2.10 33.00 88.00 121.00 OK
r-release-osx-x86_64 2.10 NOTE
r-oldrel-windows-ix86+x86_64 2.10 18.00 85.00 103.00 OK
r-oldrel-osx-x86_64 2.10 NOTE

Check Details

Version: 2.10
Check: package dependencies
Result: NOTE
    Package suggested but not available for checking: 'R2wd'
Flavors: r-devel-linux-x86_64-debian-clang, r-devel-linux-x86_64-debian-gcc, r-devel-linux-x86_64-fedora-clang, r-devel-linux-x86_64-fedora-gcc, r-patched-linux-x86_64, r-patched-solaris-x86, r-release-linux-x86_64, r-release-osx-x86_64, r-oldrel-osx-x86_64