CRAN Package Check Results for Package TcGSA

Last updated on 2019-08-25 01:47:28 CEST.

Flavor Version Tinstall Tcheck Ttotal Status Flags
r-devel-linux-x86_64-debian-clang 0.12.4 13.37 106.27 119.64 OK
r-devel-linux-x86_64-debian-gcc 0.12.4 11.16 82.01 93.17 OK
r-devel-linux-x86_64-fedora-clang 0.12.4 143.89 OK
r-devel-linux-x86_64-fedora-gcc 0.12.4 140.42 OK
r-devel-windows-ix86+x86_64 0.12.4 31.00 113.00 144.00 OK
r-patched-linux-x86_64 0.12.4 12.80 100.85 113.65 OK
r-patched-solaris-x86 0.12.4 226.10 OK
r-release-linux-x86_64 0.12.4 13.34 101.78 115.12 OK
r-release-windows-ix86+x86_64 0.12.4 43.00 163.00 206.00 OK
r-release-osx-x86_64 0.12.4 ERROR
r-oldrel-windows-ix86+x86_64 0.12.4 25.00 152.00 177.00 OK
r-oldrel-osx-x86_64 0.12.4 OK

Check Details

Version: 0.12.4
Check: package dependencies
Result: ERROR
    Package required but not available: ‘multtest’
    
    Package suggested but not available for checking: ‘GEOquery’
    
    See section ‘The DESCRIPTION file’ in the ‘Writing R Extensions’
    manual.
Flavor: r-release-osx-x86_64