CRAN Package Check Results for Package TSstudio

Last updated on 2019-11-12 00:52:58 CET.

Flavor Version Tinstall Tcheck Ttotal Status Flags
r-devel-linux-x86_64-debian-clang 0.1.5 10.12 91.39 101.51 OK
r-devel-linux-x86_64-debian-gcc 0.1.5 8.62 69.41 78.03 OK
r-devel-linux-x86_64-fedora-clang 0.1.5 112.51 OK
r-devel-linux-x86_64-fedora-gcc 0.1.5 103.09 OK
r-devel-windows-ix86+x86_64 0.1.5 19.00 111.00 130.00 OK
r-patched-linux-x86_64 0.1.5 8.78 82.69 91.47 OK
r-release-linux-x86_64 0.1.5 9.44 85.67 95.11 OK
r-release-windows-ix86+x86_64 0.1.5 26.00 110.00 136.00 OK
r-release-osx-x86_64 0.1.5 WARN
r-oldrel-windows-ix86+x86_64 0.1.5 20.00 132.00 152.00 OK
r-oldrel-osx-x86_64 0.1.5 WARN

Check Details

Version: 0.1.5
Check: re-building of vignette outputs
Result: WARN
    Error(s) in re-building vignettes:
     ...
    --- re-building ‘Plotting_Time_Series.Rmd’ using rmarkdown
    Warning in engine$weave(file, quiet = quiet, encoding = enc) :
     Pandoc (>= 1.12.3) and/or pandoc-citeproc not available. Falling back to R Markdown v1.
    PhantomJS not found. You can install it with webshot::install_phantomjs(). If it is installed, please make sure the phantomjs executable can be found via the PATH variable.
    Warning in normalizePath(f2) :
     path[1]="webshot949b6f001931.png": No such file or directory
    Warning in file(con, "rb") :
     cannot open file 'webshot949b6f001931.png': No such file or directory
    Quitting from lines 39-44 (Plotting_Time_Series.Rmd)
    Error: processing vignette 'Plotting_Time_Series.Rmd' failed with diagnostics:
    cannot open the connection
    --- failed re-building ‘Plotting_Time_Series.Rmd’
    
    SUMMARY: processing the following file failed:
     ‘Plotting_Time_Series.Rmd’
    
    Error: Vignette re-building failed.
    Execution halted
Flavor: r-release-osx-x86_64

Version: 0.1.5
Check: re-building of vignette outputs
Result: WARN
    Error in re-building vignettes:
     ...
    Warning in engine$weave(file, quiet = quiet, encoding = enc) :
     Pandoc (>= 1.12.3) and/or pandoc-citeproc not available. Falling back to R Markdown v1.
    PhantomJS not found. You can install it with webshot::install_phantomjs(). If it is installed, please make sure the phantomjs executable can be found via the PATH variable.
    Warning in normalizePath(f2) :
     path[1]="webshot1605266051148.png": No such file or directory
    Warning in file(con, "rb") :
     cannot open file 'webshot1605266051148.png': No such file or directory
    Quitting from lines 39-44 (Plotting_Time_Series.Rmd)
    Error: processing vignette 'Plotting_Time_Series.Rmd' failed with diagnostics:
    cannot open the connection
    Execution halted
Flavor: r-oldrel-osx-x86_64