CRAN Package Check Results for Package TMDb

Last updated on 2019-05-25 01:53:02 CEST.

Flavor Version Tinstall Tcheck Ttotal Status Flags
r-devel-linux-x86_64-debian-clang 1.0 4.58 32.47 37.05 NOTE
r-devel-linux-x86_64-debian-gcc 1.0 4.06 26.47 30.53 NOTE
r-devel-linux-x86_64-fedora-clang 1.0 43.87 NOTE
r-devel-linux-x86_64-fedora-gcc 1.0 42.54 NOTE
r-devel-windows-ix86+x86_64 1.0 8.00 68.00 76.00 NOTE
r-patched-linux-x86_64 1.0 NOTE
r-patched-solaris-x86 1.0 60.20 NOTE
r-release-linux-x86_64 1.0 4.22 32.92 37.14 NOTE
r-release-windows-ix86+x86_64 1.0 11.00 49.00 60.00 NOTE
r-release-osx-x86_64 1.0 NOTE
r-oldrel-windows-ix86+x86_64 1.0 8.00 45.00 53.00 NOTE
r-oldrel-osx-x86_64 1.0 NOTE

Check Details

Version: 1.0
Check: R code for possible problems
Result: NOTE
    search_collection: no visible global function definition for
     'URLencode'
    search_company: no visible global function definition for 'URLencode'
    search_keyword: no visible global function definition for 'URLencode'
    search_list: no visible global function definition for 'URLencode'
    search_movie: no visible global function definition for 'URLencode'
    search_multi: no visible global function definition for 'URLencode'
    search_person: no visible global function definition for 'URLencode'
    search_tv: no visible global function definition for 'URLencode'
    Undefined global functions or variables:
     URLencode
    Consider adding
     importFrom("utils", "URLencode")
    to your NAMESPACE file.
Flavors: r-devel-linux-x86_64-debian-clang, r-devel-linux-x86_64-debian-gcc, r-devel-linux-x86_64-fedora-clang, r-devel-linux-x86_64-fedora-gcc, r-devel-windows-ix86+x86_64, r-patched-linux-x86_64, r-patched-solaris-x86, r-release-linux-x86_64, r-release-windows-ix86+x86_64, r-release-osx-x86_64, r-oldrel-windows-ix86+x86_64, r-oldrel-osx-x86_64