CRAN Package Check Results for Package TMDb

Last updated on 2019-08-22 01:50:01 CEST.

Flavor Version Tinstall Tcheck Ttotal Status Flags
r-devel-linux-x86_64-debian-clang 1.0 4.12 32.65 36.77 NOTE
r-devel-linux-x86_64-debian-gcc 1.0 3.55 26.26 29.81 NOTE
r-devel-linux-x86_64-fedora-clang 1.0 45.53 NOTE
r-devel-linux-x86_64-fedora-gcc 1.0 44.04 NOTE
r-devel-windows-ix86+x86_64 1.0 14.00 75.00 89.00 NOTE
r-patched-linux-x86_64 1.0 3.46 32.92 36.38 NOTE
r-patched-solaris-x86 1.0 62.20 NOTE
r-release-linux-x86_64 1.0 4.73 33.21 37.94 NOTE
r-release-windows-ix86+x86_64 1.0 12.00 78.00 90.00 NOTE
r-release-osx-x86_64 1.0 NOTE
r-oldrel-windows-ix86+x86_64 1.0 10.00 59.00 69.00 NOTE
r-oldrel-osx-x86_64 1.0 NOTE

Check Details

Version: 1.0
Check: R code for possible problems
Result: NOTE
    search_collection: no visible global function definition for
     'URLencode'
    search_company: no visible global function definition for 'URLencode'
    search_keyword: no visible global function definition for 'URLencode'
    search_list: no visible global function definition for 'URLencode'
    search_movie: no visible global function definition for 'URLencode'
    search_multi: no visible global function definition for 'URLencode'
    search_person: no visible global function definition for 'URLencode'
    search_tv: no visible global function definition for 'URLencode'
    Undefined global functions or variables:
     URLencode
    Consider adding
     importFrom("utils", "URLencode")
    to your NAMESPACE file.
Flavors: r-devel-linux-x86_64-debian-clang, r-devel-linux-x86_64-debian-gcc, r-devel-linux-x86_64-fedora-clang, r-devel-linux-x86_64-fedora-gcc, r-devel-windows-ix86+x86_64, r-patched-linux-x86_64, r-patched-solaris-x86, r-release-linux-x86_64, r-release-windows-ix86+x86_64, r-release-osx-x86_64, r-oldrel-windows-ix86+x86_64, r-oldrel-osx-x86_64